Last updated on 2021-03-09 05:47:19 CET.
Flavor | Version | Tinstall | Tcheck | Ttotal | Status | Flags |
---|---|---|---|---|---|---|
r-devel-linux-x86_64-debian-clang | 0.2.0 | 23.44 | 164.73 | 188.17 | OK | |
r-devel-linux-x86_64-debian-gcc | 0.2.0 | 14.71 | 116.09 | 130.80 | OK | |
r-devel-linux-x86_64-fedora-clang | 0.2.0 | 229.09 | NOTE | |||
r-devel-linux-x86_64-fedora-gcc | 0.2.0 | 244.10 | NOTE | |||
r-devel-windows-ix86+x86_64 | 0.2.0 | 49.00 | 224.00 | 273.00 | OK | |
r-devel-windows-x86_64-gcc10-UCRT | 0.2.0 | OK | ||||
r-patched-linux-x86_64 | 0.2.0 | 16.47 | 155.57 | 172.04 | OK | |
r-patched-solaris-x86 | 0.2.0 | 290.60 | OK | |||
r-release-linux-x86_64 | 0.2.0 | 18.18 | 157.52 | 175.70 | OK | |
r-release-macos-x86_64 | 0.2.0 | OK | ||||
r-release-windows-ix86+x86_64 | 0.2.0 | 43.00 | 248.00 | 291.00 | OK | |
r-oldrel-macos-x86_64 | 0.2.0 | OK | ||||
r-oldrel-windows-ix86+x86_64 | 0.2.0 | 33.00 | 181.00 | 214.00 | OK |
Version: 0.2.0
Check: compiled code
Result: NOTE
File ‘sBIC/libs/sBIC.so’:
Found no calls to: ‘R_registerRoutines’, ‘R_useDynamicSymbols’
It is good practice to register native routines and to disable symbol
search.
See ‘Writing portable packages’ in the ‘Writing R Extensions’ manual.
Flavors: r-devel-linux-x86_64-fedora-clang, r-devel-linux-x86_64-fedora-gcc