Last updated on 2024-08-16 11:49:53 CEST.
Flavor | Version | Tinstall | Tcheck | Ttotal | Status | Flags |
---|---|---|---|---|---|---|
r-devel-linux-x86_64-debian-clang | 0.1.6 | 3.84 | 94.86 | 98.70 | NOTE | |
r-devel-linux-x86_64-debian-gcc | 0.1.6 | 3.77 | 69.52 | 73.29 | NOTE | |
r-devel-linux-x86_64-fedora-clang | 0.1.6 | 160.95 | OK | |||
r-devel-linux-x86_64-fedora-gcc | 0.1.6 | 169.72 | OK | |||
r-devel-windows-x86_64 | 0.1.6 | 6.00 | 124.00 | 130.00 | NOTE | |
r-patched-linux-x86_64 | 0.1.6 | 9.40 | 94.54 | 103.94 | OK | |
r-release-linux-x86_64 | 0.1.6 | 4.81 | 94.92 | 99.73 | OK | |
r-release-macos-arm64 | 0.1.6 | 58.00 | OK | |||
r-release-macos-x86_64 | 0.1.6 | 101.00 | OK | |||
r-release-windows-x86_64 | 0.1.6 | 7.00 | 127.00 | 134.00 | OK | |
r-oldrel-macos-arm64 | 0.1.6 | 63.00 | OK | |||
r-oldrel-macos-x86_64 | 0.1.6 | 110.00 | OK | |||
r-oldrel-windows-x86_64 | 0.1.6 | 9.00 | 139.00 | 148.00 | OK |
Version: 0.1.6
Check: Rd cross-references
Result: NOTE
Found the following Rd file(s) with Rd \link{} targets missing package
anchors:
plot.sValues.Rd: ggplot
Please provide package anchors for all Rd \link{} targets not in the
package itself and the base packages.
Flavors: r-devel-linux-x86_64-debian-clang, r-devel-linux-x86_64-debian-gcc, r-devel-windows-x86_64