CRAN Package Check Results for Package saeSim

Last updated on 2021-05-13 05:49:53 CEST.

Flavor Version Tinstall Tcheck Ttotal Status Flags
r-devel-linux-x86_64-debian-clang 0.10.0 21.62 190.04 211.66 OK
r-devel-linux-x86_64-debian-gcc 0.10.0 15.71 143.11 158.82 OK
r-devel-linux-x86_64-fedora-clang 0.10.0 265.36 NOTE
r-devel-linux-x86_64-fedora-gcc 0.10.0 248.58 OK
r-devel-windows-ix86+x86_64 0.10.0 51.00 174.00 225.00 OK
r-devel-windows-x86_64-gcc10-UCRT 0.10.0 OK
r-patched-linux-x86_64 0.10.0 24.22 182.02 206.24 OK
r-patched-solaris-x86 0.10.0 373.80 OK
r-release-linux-x86_64 0.10.0 18.45 175.47 193.92 OK
r-release-macos-x86_64 0.10.0 OK
r-release-windows-ix86+x86_64 0.10.0 33.00 266.00 299.00 OK
r-oldrel-macos-x86_64 0.10.0 OK
r-oldrel-windows-ix86+x86_64 0.10.0 37.00 216.00 253.00 OK

Check Details

Version: 0.10.0
Check: Rd cross-references
Result: NOTE
    Undeclared packages ‘magrittr’, ‘rlang’ in Rd xrefs
Flavor: r-devel-linux-x86_64-fedora-clang