CRAN Package Check Results for Package safetyGraphics

Last updated on 2022-01-26 11:53:50 CET.

Flavor Version Tinstall Tcheck Ttotal Status Flags
r-devel-linux-x86_64-debian-clang 2.0.0 10.66 104.12 114.78 OK
r-devel-linux-x86_64-debian-gcc 2.0.0 8.09 79.61 87.70 OK
r-devel-linux-x86_64-fedora-clang 2.0.0 145.69 NOTE
r-devel-linux-x86_64-fedora-gcc 2.0.0 138.31 NOTE
r-devel-windows-x86_64-new-UL 2.0.0 244.00 139.00 383.00 OK
r-devel-windows-x86_64-new-TK 2.0.0 NOTE
r-patched-linux-x86_64 2.0.0 10.90 100.67 111.57 OK
r-release-linux-x86_64 2.0.0 8.98 99.26 108.24 OK
r-release-macos-arm64 2.0.0 NOTE
r-release-macos-x86_64 2.0.0 NOTE
r-release-windows-ix86+x86_64 2.0.0 25.00 126.00 151.00 OK
r-oldrel-macos-x86_64 2.0.0 NOTE
r-oldrel-windows-ix86+x86_64 2.0.0 25.00 130.00 155.00 OK

Check Details

Version: 2.0.0
Check: dependencies in R code
Result: NOTE
    Namespaces in Imports field not imported from:
     ‘magrittr’ ‘safetyCharts’
     All declared Imports should be used.
Flavors: r-devel-linux-x86_64-fedora-clang, r-devel-linux-x86_64-fedora-gcc, r-devel-windows-x86_64-new-TK, r-release-macos-arm64, r-release-macos-x86_64, r-oldrel-macos-x86_64