Last updated on 2022-05-16 18:50:19 CEST.
Flavor | Version | Tinstall | Tcheck | Ttotal | Status | Flags |
---|---|---|---|---|---|---|
r-devel-linux-x86_64-debian-clang | 0.3.0 | 6.57 | 77.36 | 83.93 | OK | |
r-devel-linux-x86_64-debian-gcc | 0.3.0 | 4.55 | 57.87 | 62.42 | OK | |
r-devel-linux-x86_64-fedora-clang | 0.3.0 | 102.97 | NOTE | |||
r-devel-linux-x86_64-fedora-gcc | 0.3.0 | 100.10 | NOTE | |||
r-devel-windows-x86_64 | 0.3.0 | 26.00 | 97.00 | 123.00 | OK | |
r-patched-linux-x86_64 | 0.3.0 | 4.40 | 72.33 | 76.73 | OK | |
r-release-linux-x86_64 | 0.3.0 | 5.73 | 72.35 | 78.08 | OK | |
r-release-macos-arm64 | 0.3.0 | 27.00 | NOTE | |||
r-release-macos-x86_64 | 0.3.0 | 54.00 | NOTE | |||
r-release-windows-x86_64 | 0.3.0 | 22.00 | 101.00 | 123.00 | OK | |
r-oldrel-macos-arm64 | 0.3.0 | 34.00 | NOTE | |||
r-oldrel-macos-x86_64 | 0.3.0 | 39.00 | NOTE | |||
r-oldrel-windows-ix86+x86_64 | 0.3.0 | 17.00 | 87.00 | 104.00 | OK |
Version: 0.3.0
Check: data for non-ASCII characters
Result: NOTE
Note: found 91 marked UTF-8 strings
Flavors: r-devel-linux-x86_64-fedora-clang, r-devel-linux-x86_64-fedora-gcc, r-release-macos-arm64, r-release-macos-x86_64, r-oldrel-macos-arm64, r-oldrel-macos-x86_64