Last updated on 2023-03-27 23:55:53 CEST.
Flavor | Version | Tinstall | Tcheck | Ttotal | Status | Flags |
---|---|---|---|---|---|---|
r-devel-linux-x86_64-debian-clang | 0.0.1 | 126.04 | 69.61 | 195.65 | NOTE | |
r-devel-linux-x86_64-debian-gcc | 0.0.1 | 96.03 | 58.26 | 154.29 | NOTE | |
r-devel-linux-x86_64-fedora-clang | 0.0.1 | 241.00 | NOTE | |||
r-devel-linux-x86_64-fedora-gcc | 0.0.1 | 246.07 | NOTE | |||
r-patched-linux-x86_64 | 0.0.1 | 97.25 | 72.43 | 169.68 | NOTE | |
r-release-linux-x86_64 | 0.0.1 | 99.52 | 69.74 | 169.26 | OK | |
r-release-macos-arm64 | 0.0.1 | 66.00 | NOTE | |||
r-release-macos-x86_64 | 0.0.1 | 82.00 | NOTE | |||
r-release-windows-x86_64 | 0.0.1 | 79.00 | 119.00 | 198.00 | OK | |
r-oldrel-macos-arm64 | 0.0.1 | 74.00 | NOTE | |||
r-oldrel-macos-x86_64 | 0.0.1 | 125.00 | NOTE | |||
r-oldrel-windows-ix86+x86_64 | 0.0.1 | 248.00 | 139.00 | 387.00 | OK |
Version: 0.0.1
Check: C++ specification
Result: NOTE
Specified C++11: please drop specification unless essential
Flavors: r-devel-linux-x86_64-debian-clang, r-devel-linux-x86_64-debian-gcc, r-devel-linux-x86_64-fedora-clang, r-devel-linux-x86_64-fedora-gcc, r-patched-linux-x86_64
Version: 0.0.1
Check: installed package size
Result: NOTE
installed size is 23.1Mb
sub-directories of 1Mb or more:
libs 23.0Mb
Flavors: r-release-macos-arm64, r-release-macos-x86_64, r-oldrel-macos-arm64, r-oldrel-macos-x86_64