Last updated on 2024-05-19 11:59:55 CEST.
Flavor | Version | Tinstall | Tcheck | Ttotal | Status | Flags |
---|---|---|---|---|---|---|
r-devel-linux-x86_64-debian-clang | 0.1.0 | 3.23 | 29.67 | 32.90 | NOTE | |
r-devel-linux-x86_64-debian-gcc | 0.1.0 | 2.20 | 23.03 | 25.23 | NOTE | |
r-devel-linux-x86_64-fedora-clang | 0.1.0 | 43.67 | NOTE | |||
r-devel-linux-x86_64-fedora-gcc | 0.1.0 | 57.40 | NOTE | |||
r-devel-windows-x86_64 | 0.1.0 | 3.00 | 45.00 | 48.00 | NOTE | |
r-patched-linux-x86_64 | 0.1.0 | 3.05 | 28.48 | 31.53 | NOTE | |
r-release-linux-x86_64 | 0.1.0 | 2.72 | 28.96 | 31.68 | NOTE | |
r-release-macos-arm64 | 0.1.0 | 21.00 | NOTE | |||
r-release-windows-x86_64 | 0.1.0 | 3.00 | 46.00 | 49.00 | NOTE | |
r-oldrel-macos-arm64 | 0.1.0 | 23.00 | NOTE | |||
r-oldrel-macos-x86_64 | 0.1.0 | 34.00 | NOTE | |||
r-oldrel-windows-x86_64 | 0.1.0 | 3.00 | 48.00 | 51.00 | NOTE |
Version: 0.1.0
Check: LazyData
Result: NOTE
'LazyData' is specified without a 'data' directory
Flavors: r-devel-linux-x86_64-debian-clang, r-devel-linux-x86_64-debian-gcc, r-devel-linux-x86_64-fedora-clang, r-devel-linux-x86_64-fedora-gcc, r-devel-windows-x86_64, r-patched-linux-x86_64, r-release-linux-x86_64, r-release-macos-arm64, r-release-windows-x86_64, r-oldrel-macos-arm64, r-oldrel-macos-x86_64, r-oldrel-windows-x86_64