Last updated on 2023-03-21 17:53:15 CET.
Flavor | Version | Tinstall | Tcheck | Ttotal | Status | Flags |
---|---|---|---|---|---|---|
r-devel-linux-x86_64-debian-clang | 0.9.1 | 90.16 | 311.32 | 401.48 | NOTE | |
r-devel-linux-x86_64-debian-gcc | 0.9.1 | 64.16 | 230.08 | 294.24 | NOTE | |
r-devel-linux-x86_64-fedora-clang | 0.9.1 | 513.08 | NOTE | |||
r-devel-linux-x86_64-fedora-gcc | 0.9.1 | 501.70 | NOTE | |||
r-patched-linux-x86_64 | 0.9.1 | 69.50 | 307.10 | 376.60 | NOTE | |
r-release-linux-x86_64 | 0.9.1 | 68.79 | 305.89 | 374.68 | NOTE | |
r-release-macos-arm64 | 0.9.1 | 117.00 | OK | |||
r-release-macos-x86_64 | 0.9.1 | 161.00 | NOTE | |||
r-release-windows-x86_64 | 0.9.1 | 126.00 | 380.00 | 506.00 | OK | |
r-oldrel-macos-arm64 | 0.9.1 | 105.00 | OK | |||
r-oldrel-macos-x86_64 | 0.9.1 | 159.00 | OK | |||
r-oldrel-windows-ix86+x86_64 | 0.9.1 | 183.00 | 613.00 | 796.00 | OK |
Version: 0.9.1
Check: package dependencies
Result: NOTE
Package suggested but not available for checking: ‘FitARMA’
Flavors: r-devel-linux-x86_64-debian-clang, r-devel-linux-x86_64-debian-gcc, r-devel-linux-x86_64-fedora-clang, r-devel-linux-x86_64-fedora-gcc, r-patched-linux-x86_64, r-release-linux-x86_64, r-release-macos-x86_64
Version: 0.9.1
Check: C++ specification
Result: NOTE
Specified C++11: please drop specification unless essential
Flavors: r-devel-linux-x86_64-debian-clang, r-devel-linux-x86_64-debian-gcc, r-devel-linux-x86_64-fedora-clang, r-devel-linux-x86_64-fedora-gcc