Last updated on 2024-04-18 06:10:00 CEST.
Flavor | Version | Tinstall | Tcheck | Ttotal | Status | Flags |
---|---|---|---|---|---|---|
r-devel-linux-x86_64-debian-clang | 1.2.3 | 9.75 | 115.85 | 125.60 | OK | |
r-devel-linux-x86_64-debian-gcc | 1.2.4 | 6.65 | 86.98 | 93.63 | OK | |
r-devel-linux-x86_64-fedora-clang | 1.2.4 | 162.27 | NOTE | |||
r-devel-linux-x86_64-fedora-gcc | 1.2.4 | 175.85 | OK | |||
r-prerel-macos-arm64 | 1.2.4 | 71.00 | NOTE | |||
r-prerel-macos-x86_64 | 1.2.4 | 134.00 | NOTE | |||
r-prerel-windows-x86_64 | 1.2.4 | 7.00 | 110.00 | 117.00 | NOTE | |
r-patched-linux-x86_64 | 1.2.3 | 5.23 | 107.19 | 112.42 | OK | |
r-release-linux-x86_64 | 1.2.3 | 5.67 | 107.44 | 113.11 | OK | |
r-release-macos-arm64 | 1.2.4 | 79.00 | NOTE | |||
r-release-macos-x86_64 | 1.2.4 | 150.00 | NOTE | |||
r-release-windows-x86_64 | 1.2.3 | 11.00 | 127.00 | 138.00 | NOTE | |
r-oldrel-macos-arm64 | 1.2.4 | 78.00 | NOTE | |||
r-oldrel-windows-x86_64 | 1.2.4 | 8.00 | 128.00 | 136.00 | NOTE |
Version: 1.2.4
Check: installed package size
Result: NOTE
installed size is 6.4Mb
sub-directories of 1Mb or more:
doc 5.1Mb
extdata 1.2Mb
Flavors: r-devel-linux-x86_64-fedora-clang, r-prerel-macos-arm64, r-prerel-macos-x86_64, r-prerel-windows-x86_64, r-release-macos-arm64, r-release-macos-x86_64, r-oldrel-macos-arm64, r-oldrel-windows-x86_64
Version: 1.2.3
Check: installed package size
Result: NOTE
installed size is 6.4Mb
sub-directories of 1Mb or more:
doc 5.1Mb
extdata 1.2Mb
Flavor: r-release-windows-x86_64