CRAN Package Check Results for Package savonliquide

Last updated on 2024-05-22 12:21:38 CEST.

Flavor Version Tinstall Tcheck Ttotal Status Flags
r-devel-linux-x86_64-debian-clang 0.2.0 1.92 24.04 25.96 NOTE
r-devel-linux-x86_64-debian-gcc 0.2.0 1.73 19.07 20.80 NOTE
r-devel-linux-x86_64-fedora-clang 0.2.0 33.69 NOTE
r-devel-linux-x86_64-fedora-gcc 0.2.0 31.68 NOTE
r-devel-windows-x86_64 0.2.0 3.00 42.00 45.00 NOTE
r-patched-linux-x86_64 0.2.0 2.49 23.44 25.93 NOTE
r-release-linux-x86_64 0.2.0 1.82 23.42 25.24 NOTE
r-release-macos-arm64 0.2.0 21.00 NOTE
r-release-windows-x86_64 0.2.0 3.00 43.00 46.00 NOTE
r-oldrel-macos-arm64 0.2.0 19.00 NOTE
r-oldrel-macos-x86_64 0.2.0 22.00 NOTE
r-oldrel-windows-x86_64 0.2.0 4.00 43.00 47.00 NOTE

Check Details

Version: 0.2.0
Check: LazyData
Result: NOTE 'LazyData' is specified without a 'data' directory Flavors: r-devel-linux-x86_64-debian-clang, r-devel-linux-x86_64-debian-gcc, r-devel-linux-x86_64-fedora-clang, r-devel-linux-x86_64-fedora-gcc, r-devel-windows-x86_64, r-patched-linux-x86_64, r-release-linux-x86_64, r-release-macos-arm64, r-release-windows-x86_64, r-oldrel-macos-arm64, r-oldrel-macos-x86_64, r-oldrel-windows-x86_64

Version: 0.2.0
Check: dependencies in R code
Result: NOTE Namespace in Imports field not imported from: ‘crayon’ All declared Imports should be used. Flavors: r-devel-linux-x86_64-fedora-clang, r-devel-linux-x86_64-fedora-gcc