Last updated on 2024-04-23 11:55:57 CEST.
Flavor | Version | Tinstall | Tcheck | Ttotal | Status | Flags |
---|---|---|---|---|---|---|
r-devel-linux-x86_64-debian-clang | 2.0.2 | 4.82 | 45.58 | 50.40 | NOTE | |
r-devel-linux-x86_64-debian-gcc | 2.0.2 | 4.30 | 33.89 | 38.19 | NOTE | |
r-devel-linux-x86_64-fedora-clang | 2.0.2 | 65.51 | NOTE | |||
r-devel-linux-x86_64-fedora-gcc | 2.0.2 | 60.59 | NOTE | |||
r-prerel-macos-arm64 | 2.0.2 | 24.00 | NOTE | |||
r-prerel-windows-x86_64 | 2.0.2 | 6.00 | 61.00 | 67.00 | NOTE | |
r-patched-linux-x86_64 | 2.0.2 | 4.60 | 43.75 | 48.35 | NOTE | |
r-release-linux-x86_64 | 2.0.2 | 3.93 | 43.90 | 47.83 | NOTE | |
r-release-macos-arm64 | 2.0.2 | 25.00 | NOTE | |||
r-release-macos-x86_64 | 2.0.2 | 33.00 | NOTE | |||
r-release-windows-x86_64 | 2.0.2 | 7.00 | 63.00 | 70.00 | NOTE | |
r-oldrel-macos-arm64 | 2.0.2 | 24.00 | NOTE | |||
r-oldrel-windows-x86_64 | 2.0.2 | 7.00 | 66.00 | 73.00 | NOTE |
Version: 2.0.2
Check: LazyData
Result: NOTE
'LazyData' is specified without a 'data' directory
Flavors: r-devel-linux-x86_64-debian-clang, r-devel-linux-x86_64-debian-gcc, r-devel-linux-x86_64-fedora-clang, r-devel-linux-x86_64-fedora-gcc, r-prerel-macos-arm64, r-prerel-windows-x86_64, r-patched-linux-x86_64, r-release-linux-x86_64, r-release-macos-arm64, r-release-macos-x86_64, r-release-windows-x86_64, r-oldrel-macos-arm64, r-oldrel-windows-x86_64