Last updated on 2024-04-18 06:10:00 CEST.
Flavor | Version | Tinstall | Tcheck | Ttotal | Status | Flags |
---|---|---|---|---|---|---|
r-devel-linux-x86_64-debian-clang | 0.2 | 37.51 | 31.86 | 69.37 | OK | |
r-devel-linux-x86_64-debian-gcc | 0.2 | 28.17 | 25.56 | 53.73 | OK | |
r-devel-linux-x86_64-fedora-clang | 0.2 | 95.25 | NOTE | |||
r-devel-linux-x86_64-fedora-gcc | 0.2 | 95.74 | NOTE | |||
r-prerel-macos-arm64 | 0.2 | 29.00 | OK | |||
r-prerel-windows-x86_64 | 0.2 | 29.00 | 65.00 | 94.00 | OK | |
r-patched-linux-x86_64 | 0.2 | 36.98 | 32.88 | 69.86 | OK | |
r-release-linux-x86_64 | 0.2 | 36.85 | 32.90 | 69.75 | OK | |
r-release-macos-arm64 | 0.2 | 29.00 | OK | |||
r-release-macos-x86_64 | 0.2 | 43.00 | OK | |||
r-release-windows-x86_64 | 0.2 | 36.00 | 73.00 | 109.00 | OK | |
r-oldrel-macos-arm64 | 0.2 | 31.00 | OK | |||
r-oldrel-windows-x86_64 | 0.2 | 34.00 | 80.00 | 114.00 | OK |
Version: 0.2
Check: compiled code
Result: NOTE
File ‘sbmSDP/libs/sbmSDP.so’:
Found no calls to: ‘R_registerRoutines’, ‘R_useDynamicSymbols’
It is good practice to register native routines and to disable symbol
search.
See ‘Writing portable packages’ in the ‘Writing R Extensions’ manual.
Flavors: r-devel-linux-x86_64-fedora-clang, r-devel-linux-x86_64-fedora-gcc