CRAN Package Check Results for Package sboost

Last updated on 2019-03-20 17:50:04 CET.

Flavor Version Tinstall Tcheck Ttotal Status Flags
r-devel-linux-x86_64-debian-clang 0.1.0 28.59 52.14 80.73 WARN
r-devel-linux-x86_64-debian-gcc 0.1.0 23.34 36.97 60.31 OK
r-devel-linux-x86_64-fedora-clang 0.1.0 109.09 OK
r-devel-linux-x86_64-fedora-gcc 0.1.0 95.64 OK
r-devel-windows-ix86+x86_64 0.1.0 77.00 95.00 172.00 OK
r-patched-linux-x86_64 0.1.0 28.80 43.53 72.33 OK
r-patched-solaris-x86 0.1.0 134.00 OK
r-release-linux-x86_64 0.1.0 29.15 43.37 72.52 OK
r-release-windows-ix86+x86_64 0.1.0 68.00 88.00 156.00 OK
r-release-osx-x86_64 0.1.0 OK
r-oldrel-windows-ix86+x86_64 0.1.0 86.00 123.00 209.00 OK
r-oldrel-osx-x86_64 0.1.0 OK

Check Details

Version: 0.1.0
Check: whether package can be installed
Result: WARN
    Found the following significant warnings:
     Warning: unable to re-encode 'data.R' line 7
Flavor: r-devel-linux-x86_64-debian-clang