Last updated on 2023-06-11 01:01:26 CEST.
Flavor | Version | Tinstall | Tcheck | Ttotal | Status | Flags |
---|---|---|---|---|---|---|
r-devel-linux-x86_64-debian-clang | 1.1.1 | 38.13 | 298.87 | 337.00 | OK | |
r-devel-linux-x86_64-debian-gcc | 1.1.1 | 29.69 | 218.61 | 248.30 | OK | |
r-devel-linux-x86_64-fedora-clang | 1.1.1 | 413.52 | NOTE | |||
r-devel-linux-x86_64-fedora-gcc | 1.1.1 | 420.62 | OK | |||
r-devel-windows-x86_64 | 1.1.1 | 28.00 | 254.00 | 282.00 | OK | |
r-patched-linux-x86_64 | 1.1.1 | 22.77 | 280.31 | 303.08 | OK | |
r-release-linux-x86_64 | 1.1.1 | 22.71 | 278.38 | 301.09 | OK | |
r-release-macos-arm64 | 1.1.1 | 109.00 | NOTE | |||
r-release-macos-x86_64 | 1.1.1 | 202.00 | NOTE | |||
r-release-windows-x86_64 | 1.1.1 | 41.00 | 338.00 | 379.00 | OK | |
r-oldrel-macos-arm64 | 1.1.1 | 92.00 | NOTE | |||
r-oldrel-macos-x86_64 | 1.1.1 | 136.00 | NOTE | |||
r-oldrel-windows-x86_64 | 1.1.1 | 40.00 | 316.00 | 356.00 | OK |
Version: 1.1.1
Check: package dependencies
Result: NOTE
Imports includes 28 non-default packages.
Importing from so many packages makes the package vulnerable to any of
them becoming unavailable. Move as many as possible to Suggests and
use conditionally.
Flavor: r-devel-linux-x86_64-fedora-clang
Version: 1.1.1
Check: package dependencies
Result: NOTE
Packages suggested but not available for checking:
'dittoSeq', 'DropletUtils', 'Nebulosa'
Flavors: r-release-macos-arm64, r-release-macos-x86_64, r-oldrel-macos-x86_64
Version: 1.1.1
Check: Rd cross-references
Result: NOTE
Package unavailable to check Rd xrefs: ‘Nebulosa’
Flavors: r-release-macos-arm64, r-release-macos-x86_64, r-oldrel-macos-arm64, r-oldrel-macos-x86_64
Version: 1.1.1
Check: package dependencies
Result: NOTE
Packages suggested but not available for checking:
'DropletUtils', 'Nebulosa'
Flavor: r-oldrel-macos-arm64