Last updated on 2024-04-19 06:03:35 CEST.
Flavor | Version | Tinstall | Tcheck | Ttotal | Status | Flags |
---|---|---|---|---|---|---|
r-devel-linux-x86_64-debian-clang | 1.6.0 | 63.73 | 505.25 | 568.98 | OK | |
r-devel-linux-x86_64-debian-gcc | 1.6.0 | OK | ||||
r-devel-linux-x86_64-fedora-clang | 1.6.0 | 764.19 | OK | |||
r-devel-linux-x86_64-fedora-gcc | 1.6.0 | 730.19 | OK | |||
r-prerel-macos-arm64 | 1.6.0 | 193.00 | OK | |||
r-prerel-macos-x86_64 | 1.6.0 | 370.00 | OK | |||
r-prerel-windows-x86_64 | 1.6.0 | 57.00 | 335.00 | 392.00 | OK | |
r-patched-linux-x86_64 | 1.6.0 | 60.44 | 476.82 | 537.26 | OK | |
r-release-linux-x86_64 | 1.6.0 | 41.05 | 491.11 | 532.16 | OK | |
r-release-macos-arm64 | 1.6.0 | 9.00 | ERROR | |||
r-release-macos-x86_64 | 1.6.0 | 5.00 | ERROR | |||
r-release-windows-x86_64 | 1.6.0 | 72.00 | 431.00 | 503.00 | OK | |
r-oldrel-macos-arm64 | 1.4.1 | 9.00 | ERROR | |||
r-oldrel-windows-x86_64 | 1.4.1 | 68.00 | 428.00 | 496.00 | OK |
Version: 1.6.0
Check: package dependencies
Result: ERROR
Package required and available but unsuitable version: ‘UCell’
See section ‘The DESCRIPTION file’ in the ‘Writing R Extensions’
manual.
Flavors: r-release-macos-arm64, r-release-macos-x86_64
Version: 1.4.1
Check: package dependencies
Result: ERROR
Package required and available but unsuitable version: ‘UCell’
See section ‘The DESCRIPTION file’ in the ‘Writing R Extensions’
manual.
Flavor: r-oldrel-macos-arm64