Last updated on 2024-08-16 11:49:51 CEST.
Flavor | Version | Tinstall | Tcheck | Ttotal | Status | Flags |
---|---|---|---|---|---|---|
r-devel-linux-x86_64-debian-clang | 1.0.1 | 2.42 | 38.95 | 41.37 | NOTE | |
r-devel-linux-x86_64-debian-gcc | 1.0.1 | 1.74 | 30.98 | 32.72 | NOTE | |
r-devel-linux-x86_64-fedora-clang | 1.0.1 | 67.81 | NOTE | |||
r-devel-linux-x86_64-fedora-gcc | 1.0.1 | 78.19 | NOTE | |||
r-devel-windows-x86_64 | 1.0.1 | 4.00 | 66.00 | 70.00 | NOTE | |
r-patched-linux-x86_64 | 1.0.1 | 2.32 | 38.77 | 41.09 | NOTE | |
r-release-linux-x86_64 | 1.0.1 | 2.32 | 39.15 | 41.47 | NOTE | |
r-release-macos-arm64 | 1.0.1 | 33.00 | NOTE | |||
r-release-macos-x86_64 | 1.0.1 | 53.00 | NOTE | |||
r-release-windows-x86_64 | 1.0.1 | 3.00 | 68.00 | 71.00 | NOTE | |
r-oldrel-macos-arm64 | 1.0.1 | 38.00 | NOTE | |||
r-oldrel-macos-x86_64 | 1.0.1 | 51.00 | NOTE | |||
r-oldrel-windows-x86_64 | 1.0.1 | 3.00 | 70.00 | 73.00 | NOTE |
Version: 1.0.1
Check: LazyData
Result: NOTE
'LazyData' is specified without a 'data' directory
Flavors: r-devel-linux-x86_64-debian-clang, r-devel-linux-x86_64-debian-gcc, r-devel-linux-x86_64-fedora-clang, r-devel-linux-x86_64-fedora-gcc, r-devel-windows-x86_64, r-patched-linux-x86_64, r-release-linux-x86_64, r-release-macos-arm64, r-release-macos-x86_64, r-release-windows-x86_64, r-oldrel-macos-arm64, r-oldrel-macos-x86_64, r-oldrel-windows-x86_64