CRAN Package Check Results for Package scUtils

Last updated on 2022-01-26 23:50:32 CET.

Flavor Version Tinstall Tcheck Ttotal Status Flags
r-devel-linux-x86_64-debian-clang 0.1.0 5.17 66.37 71.54 NOTE
r-devel-linux-x86_64-debian-gcc 0.1.0 3.34 49.54 52.88 NOTE
r-devel-linux-x86_64-fedora-clang 0.1.0 81.85 NOTE
r-devel-linux-x86_64-fedora-gcc 0.1.0 72.63 NOTE
r-devel-windows-x86_64-new-UL 0.1.0 25.00 81.00 106.00 NOTE
r-devel-windows-x86_64-new-TK 0.1.0 NOTE
r-patched-linux-x86_64 0.1.0 4.86 62.57 67.43 NOTE
r-release-linux-x86_64 0.1.0 4.48 58.93 63.41 NOTE
r-release-macos-arm64 0.1.0 NOTE
r-release-macos-x86_64 0.1.0 NOTE
r-release-windows-ix86+x86_64 0.1.0 12.00 75.00 87.00 NOTE
r-oldrel-macos-x86_64 0.1.0 OK
r-oldrel-windows-ix86+x86_64 0.1.0 13.00 76.00 89.00 OK

Check Details

Version: 0.1.0
Check: LazyData
Result: NOTE
     'LazyData' is specified without a 'data' directory
Flavors: r-devel-linux-x86_64-debian-clang, r-devel-linux-x86_64-debian-gcc, r-devel-linux-x86_64-fedora-clang, r-devel-linux-x86_64-fedora-gcc, r-devel-windows-x86_64-new-UL, r-devel-windows-x86_64-new-TK, r-patched-linux-x86_64, r-release-linux-x86_64, r-release-macos-arm64, r-release-macos-x86_64, r-release-windows-ix86+x86_64