Last updated on 2024-08-31 23:49:15 CEST.
Flavor | Version | Tinstall | Tcheck | Ttotal | Status | Flags |
---|---|---|---|---|---|---|
r-devel-linux-x86_64-debian-clang | 0.2-6 | 2.70 | 30.30 | 33.00 | NOTE | |
r-devel-linux-x86_64-debian-gcc | 0.2-6 | 2.13 | 23.08 | 25.21 | NOTE | |
r-devel-linux-x86_64-fedora-clang | 0.2-6 | 54.47 | NOTE | |||
r-devel-linux-x86_64-fedora-gcc | 0.2-6 | 52.53 | NOTE | |||
r-devel-windows-x86_64 | 0.2-6 | 4.00 | 47.00 | 51.00 | OK | |
r-patched-linux-x86_64 | 0.2-6 | 2.70 | 29.43 | 32.13 | NOTE | |
r-release-linux-x86_64 | 0.2-6 | 2.87 | 28.97 | 31.84 | NOTE | |
r-release-macos-arm64 | 0.2-6 | 19.00 | NOTE | |||
r-release-macos-x86_64 | 0.2-6 | 31.00 | NOTE | |||
r-release-windows-x86_64 | 0.2-6 | 4.00 | 47.00 | 51.00 | OK | |
r-oldrel-macos-arm64 | 0.2-6 | 21.00 | OK | |||
r-oldrel-macos-x86_64 | 0.2-6 | 32.00 | OK | |||
r-oldrel-windows-x86_64 | 0.2-6 | 3.00 | 51.00 | 54.00 | OK |
Version: 0.2-6
Check: DESCRIPTION meta-information
Result: NOTE
License stub is invalid DCF.
Flavors: r-devel-linux-x86_64-debian-clang, r-devel-linux-x86_64-debian-gcc, r-patched-linux-x86_64, r-release-linux-x86_64, r-release-macos-arm64, r-release-macos-x86_64
Version: 0.2-6
Check: DESCRIPTION meta-information
Result: NOTE
Licence stub is invalid DCF.
Flavors: r-devel-linux-x86_64-fedora-clang, r-devel-linux-x86_64-fedora-gcc