CRAN Package Check Results for Package scaleAlign

Last updated on 2024-06-14 23:54:34 CEST.

Flavor Version Tinstall Tcheck Ttotal Status Flags
r-devel-linux-x86_64-debian-clang 1.0.0.0 2.63 26.17 28.80 NOTE
r-devel-linux-x86_64-debian-gcc 1.0.0.0 1.97 20.12 22.09 NOTE
r-devel-linux-x86_64-fedora-clang 1.0.0.0 37.01 NOTE
r-devel-linux-x86_64-fedora-gcc 1.0.0.0 36.06 NOTE
r-devel-windows-x86_64 1.0.0.0 3.00 41.00 44.00 NOTE
r-patched-linux-x86_64 1.0.0.0 1.88 26.01 27.89 NOTE
r-release-linux-x86_64 1.0.0.0 1.79 25.32 27.11 NOTE
r-release-macos-arm64 1.0.0.0 14.00 NOTE
r-release-macos-x86_64 1.0.0.0 22.00 NOTE
r-release-windows-x86_64 1.0.0.0 3.00 42.00 45.00 NOTE
r-oldrel-macos-arm64 1.0.0.0 16.00 NOTE
r-oldrel-macos-x86_64 1.0.0.0 21.00 NOTE
r-oldrel-windows-x86_64 1.0.0.0 3.00 44.00 47.00 NOTE

Check Details

Version: 1.0.0.0
Check: LazyData
Result: NOTE 'LazyData' is specified without a 'data' directory Flavors: r-devel-linux-x86_64-debian-clang, r-devel-linux-x86_64-debian-gcc, r-devel-linux-x86_64-fedora-clang, r-devel-linux-x86_64-fedora-gcc, r-devel-windows-x86_64, r-patched-linux-x86_64, r-release-linux-x86_64, r-release-macos-arm64, r-release-macos-x86_64, r-release-windows-x86_64, r-oldrel-macos-arm64, r-oldrel-macos-x86_64, r-oldrel-windows-x86_64