Last updated on 2024-08-16 11:49:51 CEST.
Flavor | Version | Tinstall | Tcheck | Ttotal | Status | Flags |
---|---|---|---|---|---|---|
r-devel-linux-x86_64-debian-clang | 1.0-1 | 8.11 | 80.28 | 88.39 | OK | |
r-devel-linux-x86_64-debian-gcc | 1.0-1 | 4.69 | 51.10 | 55.79 | OK | |
r-devel-linux-x86_64-fedora-clang | 1.0-1 | 148.21 | NOTE | |||
r-devel-linux-x86_64-fedora-gcc | 1.0-1 | 151.96 | NOTE | |||
r-devel-windows-x86_64 | 1.0-1 | 7.00 | 101.00 | 108.00 | OK | |
r-patched-linux-x86_64 | 1.0-1 | 8.26 | 76.00 | 84.26 | OK | |
r-release-linux-x86_64 | 1.0-1 | 6.96 | 75.31 | 82.27 | OK | |
r-release-macos-arm64 | 1.0-1 | 39.00 | OK | |||
r-release-macos-x86_64 | 1.0-1 | 70.00 | OK | |||
r-release-windows-x86_64 | 1.0-1 | 7.00 | 102.00 | 109.00 | OK | |
r-oldrel-macos-arm64 | 1.0-1 | 53.00 | OK | |||
r-oldrel-macos-x86_64 | 1.0-1 | 93.00 | OK | |||
r-oldrel-windows-x86_64 | 1.0-1 | 7.00 | 109.00 | 116.00 | OK |
Version: 1.0-1
Check: dependencies in R code
Result: NOTE
Namespace in Imports field not imported from: ‘pvclust’
All declared Imports should be used.
Flavors: r-devel-linux-x86_64-fedora-clang, r-devel-linux-x86_64-fedora-gcc