CRAN Package Check Results for Package scalpel

Last updated on 2021-06-20 11:51:34 CEST.

Flavor Version Tinstall Tcheck Ttotal Status Flags
r-devel-linux-x86_64-debian-clang 1.0.3 11.16 76.10 87.26 NOTE
r-devel-linux-x86_64-debian-gcc 1.0.3 10.03 59.01 69.04 NOTE
r-devel-linux-x86_64-fedora-clang 1.0.3 113.07 NOTE
r-devel-linux-x86_64-fedora-gcc 1.0.3 102.74 NOTE
r-devel-windows-x86_64 1.0.3 18.00 75.00 93.00 NOTE
r-devel-windows-x86_64-gcc10-UCRT 1.0.3 NOTE
r-patched-linux-x86_64 1.0.3 11.62 73.70 85.32 NOTE
r-patched-solaris-x86 1.0.3 147.90 NOTE
r-release-linux-x86_64 1.0.3 10.46 73.28 83.74 NOTE
r-release-macos-arm64 1.0.3 NOTE
r-release-macos-x86_64 1.0.3 NOTE
r-release-windows-ix86+x86_64 1.0.3 27.00 121.00 148.00 NOTE
r-oldrel-macos-x86_64 1.0.3 OK
r-oldrel-windows-ix86+x86_64 1.0.3 17.00 123.00 140.00 OK

Check Details

Version: 1.0.3
Check: LazyData
Result: NOTE
     'LazyData' is specified without a 'data' directory
Flavors: r-devel-linux-x86_64-debian-clang, r-devel-linux-x86_64-debian-gcc, r-devel-linux-x86_64-fedora-clang, r-devel-linux-x86_64-fedora-gcc, r-devel-windows-x86_64, r-devel-windows-x86_64-gcc10-UCRT, r-patched-linux-x86_64, r-patched-solaris-x86, r-release-linux-x86_64, r-release-macos-arm64, r-release-macos-x86_64, r-release-windows-ix86+x86_64