CRAN Package Check Results for Package scgwr

Last updated on 2021-09-23 23:50:20 CEST.

Flavor Version Tinstall Tcheck Ttotal Status Flags
r-devel-linux-x86_64-debian-clang 0.1.2-1 12.19 111.03 123.22 NOTE
r-devel-linux-x86_64-debian-gcc 0.1.2-1 9.18 85.18 94.36 NOTE
r-devel-linux-x86_64-fedora-clang 0.1.2-1 150.88 NOTE
r-devel-linux-x86_64-fedora-gcc 0.1.2-1 137.54 NOTE
r-devel-windows-x86_64 0.1.2-1 11.00 99.00 110.00 NOTE
r-devel-windows-x86_64-gcc10-UCRT 0.1.2-1 NOTE
r-patched-linux-x86_64 0.1.2-1 11.21 102.48 113.69 NOTE
r-patched-solaris-x86 0.1.2-1 191.10 NOTE
r-release-linux-x86_64 0.1.2-1 11.40 101.90 113.30 NOTE
r-release-macos-arm64 0.1.2-1 NOTE
r-release-macos-x86_64 0.1.2-1 NOTE
r-release-windows-ix86+x86_64 0.1.2-1 25.00 93.00 118.00 NOTE
r-oldrel-macos-x86_64 0.1.2-1 OK
r-oldrel-windows-ix86+x86_64 0.1.2-1 17.00 97.00 114.00 OK

Check Details

Version: 0.1.2-1
Check: LazyData
Result: NOTE
     'LazyData' is specified without a 'data' directory
Flavors: r-devel-linux-x86_64-debian-clang, r-devel-linux-x86_64-debian-gcc, r-devel-linux-x86_64-fedora-clang, r-devel-linux-x86_64-fedora-gcc, r-devel-windows-x86_64, r-devel-windows-x86_64-gcc10-UCRT, r-patched-linux-x86_64, r-patched-solaris-x86, r-release-linux-x86_64, r-release-macos-arm64, r-release-macos-x86_64, r-release-windows-ix86+x86_64