CRAN Package Check Results for Package scpoisson

Last updated on 2024-06-14 11:59:05 CEST.

Flavor Version Tinstall Tcheck Ttotal Status Flags
r-devel-linux-x86_64-debian-clang 0.0.1 13.91 531.87 545.78 NOTE
r-devel-linux-x86_64-debian-gcc 0.0.1 11.45 413.12 424.57 NOTE
r-devel-linux-x86_64-fedora-clang 0.0.1 674.65 NOTE
r-devel-linux-x86_64-fedora-gcc 0.0.1 486.91 NOTE
r-devel-windows-x86_64 0.0.1 12.00 404.00 416.00 NOTE
r-patched-linux-x86_64 0.0.1 8.37 502.81 511.18 NOTE
r-release-linux-x86_64 0.0.1 8.62 526.29 534.91 NOTE
r-release-macos-arm64 0.0.1 217.00 NOTE
r-release-macos-x86_64 0.0.1 312.00 NOTE
r-release-windows-x86_64 0.0.1 12.00 391.00 403.00 NOTE
r-oldrel-macos-arm64 0.0.1 239.00 OK
r-oldrel-macos-x86_64 0.0.1 343.00 OK
r-oldrel-windows-x86_64 0.0.1 17.00 664.00 681.00 OK

Check Details

Version: 0.0.1
Check: Rd files
Result: NOTE checkRd: (-1) HclustDepart.Rd:23: Lost braces; missing escapes or markup? 23 | \item{\code{res2}}: {a data frame contains two columns: names (cell names) and clusters (cluster label)} | ^ checkRd: (-1) HclustDepart.Rd:24-26: Lost braces 24 | \item{\code{sigclust_p}}: {a matrix with cells to cluster as rows, split index as columns, | ^ checkRd: (-1) HclustDepart.Rd:27-29: Lost braces 27 | \item{\code{sigclust_z}}: {a matrix with cells to cluster as rows, split index as columns, | ^ checkRd: (-1) LouvainDepart.Rd:38: Lost braces; missing escapes or markup? 38 | \item{\code{sdata}}: {a Seurat object} | ^ checkRd: (-1) LouvainDepart.Rd:39-40: Lost braces 39 | \item{\code{tsne_data}}: {a matrix containing t-SNE dimension reduction results, | ^ checkRd: (-1) LouvainDepart.Rd:41-42: Lost braces 41 | \item{\code{umap_data}}: {a matrix containing UMAP dimension reduction results, | ^ checkRd: (-1) LouvainDepart.Rd:43: Lost braces; missing escapes or markup? 43 | \item{\code{res_clust}}: {a data frame contains two columns: names (cell names) and clusters (cluster label)} | ^ checkRd: (-1) sigp.Rd:19: Lost braces; missing escapes or markup? 19 | \item{\code{p}}: {p-value for the first split} | ^ checkRd: (-1) sigp.Rd:20: Lost braces; missing escapes or markup? 20 | \item{\code{z}}: {z-score for the first split} | ^ checkRd: (-1) sigp.Rd:21: Lost braces 21 | \item{\code{shc_result}}: {a \code{shc} S3-object as defined in sigclust2 package} | ^ checkRd: (-1) sigp.Rd:22: Lost braces; missing escapes or markup? 22 | \item{\code{clust2}}: {a vector with group index for each cell} | ^ checkRd: (-1) sigp.Rd:23: Lost braces; missing escapes or markup? 23 | \item{\code{clust_dat}}: {a matrix of data representation used as input for hierarchical clustering} | ^ Flavors: r-devel-linux-x86_64-debian-clang, r-devel-linux-x86_64-debian-gcc, r-devel-linux-x86_64-fedora-clang, r-devel-linux-x86_64-fedora-gcc, r-devel-windows-x86_64, r-patched-linux-x86_64, r-release-linux-x86_64, r-release-macos-arm64, r-release-macos-x86_64, r-release-windows-x86_64