CRAN Package Check Results for Package scrm

Last updated on 2023-12-10 05:54:51 CET.

Flavor Version Tinstall Tcheck Ttotal Status Flags
r-devel-linux-x86_64-debian-clang 1.7.4-0 136.74 41.05 177.79 NOTE
r-devel-linux-x86_64-debian-gcc 1.7.4-0 90.06 31.42 121.48 NOTE
r-devel-linux-x86_64-fedora-clang 1.7.4-0 311.70 NOTE
r-devel-linux-x86_64-fedora-gcc 1.7.4-0 261.17 NOTE
r-devel-windows-x86_64 1.7.4-0 98.00 75.00 173.00 NOTE
r-patched-linux-x86_64 1.7.4-0 103.11 41.45 144.56 NOTE
r-release-linux-x86_64 1.7.4-0 102.60 41.14 143.74 NOTE
r-release-macos-arm64 1.7.4-0 66.00 NOTE
r-release-macos-x86_64 1.7.4-0 116.00 NOTE
r-release-windows-x86_64 1.7.4-0 102.00 83.00 185.00 NOTE
r-oldrel-macos-arm64 1.7.4-0 54.00 OK
r-oldrel-macos-x86_64 1.7.4-0 78.00 OK
r-oldrel-windows-x86_64 1.7.4-0 127.00 83.00 210.00 OK

Check Details

Version: 1.7.4-0
Check: C++ specification
Result: NOTE Specified C++11: please drop specification unless essential Flavors: r-devel-linux-x86_64-debian-clang, r-devel-linux-x86_64-debian-gcc, r-devel-linux-x86_64-fedora-clang, r-devel-linux-x86_64-fedora-gcc, r-devel-windows-x86_64, r-patched-linux-x86_64, r-release-linux-x86_64, r-release-macos-arm64, r-release-macos-x86_64, r-release-windows-x86_64