Last updated on 2024-05-06 00:03:06 CEST.
Flavor | Version | Tinstall | Tcheck | Ttotal | Status | Flags |
---|---|---|---|---|---|---|
r-devel-linux-x86_64-debian-clang | 1.1.4 | 12.87 | 391.39 | 404.26 | NOTE | |
r-devel-linux-x86_64-debian-gcc | 1.1.4 | 9.58 | 292.22 | 301.80 | NOTE | |
r-devel-linux-x86_64-fedora-clang | 1.1.4 | 526.68 | NOTE | |||
r-devel-linux-x86_64-fedora-gcc | 1.1.4 | 514.54 | NOTE | |||
r-devel-windows-x86_64 | 1.1.4 | 10.00 | 328.00 | 338.00 | NOTE | |
r-patched-linux-x86_64 | 1.1.4 | 10.87 | 368.73 | 379.60 | NOTE | |
r-release-linux-x86_64 | 1.1.4 | 10.82 | 369.93 | 380.75 | NOTE | |
r-release-macos-arm64 | 1.1.4 | 177.00 | NOTE | |||
r-release-windows-x86_64 | 1.1.4 | 9.00 | 337.00 | 346.00 | NOTE | |
r-oldrel-macos-arm64 | 1.1.4 | 199.00 | OK | |||
r-oldrel-macos-x86_64 | 1.1.4 | 283.00 | OK | |||
r-oldrel-windows-x86_64 | 1.1.4 | 14.00 | 431.00 | 445.00 | OK |
Version: 1.1.4
Check: Rd files
Result: NOTE
checkRd: (-1) cln.Rd:27: Lost braces
27 | case for text \code{1} for 1st uppercase, code{2} for lowercase, code{3} for uppercase (optional)
| ^
checkRd: (-1) cln.Rd:27: Lost braces
27 | case for text \code{1} for 1st uppercase, code{2} for lowercase, code{3} for uppercase (optional)
| ^
Flavors: r-devel-linux-x86_64-debian-clang, r-devel-linux-x86_64-debian-gcc, r-devel-linux-x86_64-fedora-clang, r-devel-linux-x86_64-fedora-gcc, r-devel-windows-x86_64, r-patched-linux-x86_64, r-release-linux-x86_64, r-release-macos-arm64, r-release-windows-x86_64
Version: 1.1.4
Check: Rd cross-references
Result: NOTE
Undeclared package ‘tibble’ in Rd xrefs
Flavor: r-devel-linux-x86_64-fedora-clang