CRAN Package Check Results for Package sdcTable

Last updated on 2022-01-19 23:49:11 CET.

Flavor Version Tinstall Tcheck Ttotal Status Flags
r-devel-linux-x86_64-debian-clang 0.32.2 OK
r-devel-linux-x86_64-debian-gcc 0.32.2 66.60 104.17 170.77 OK
r-devel-linux-x86_64-fedora-clang 0.32.2 295.30 NOTE
r-devel-linux-x86_64-fedora-gcc 0.32.2 262.72 NOTE
r-devel-windows-x86_64-new-UL 0.32.2 490.00 196.00 686.00 OK
r-devel-windows-x86_64-new-TK 0.32.2 NOTE
r-patched-linux-x86_64 0.32.2 54.69 124.21 178.90 OK
r-release-linux-x86_64 0.32.2 OK
r-release-macos-arm64 0.32.2 NOTE
r-release-macos-x86_64 0.32.2 NOTE
r-release-windows-ix86+x86_64 0.32.2 177.00 205.00 382.00 NOTE
r-oldrel-macos-x86_64 0.32.2 NOTE
r-oldrel-windows-ix86+x86_64 0.32.2 176.00 202.00 378.00 NOTE

Check Details

Version: 0.32.2
Check: installed package size
Result: NOTE
     installed size is 5.5Mb
     sub-directories of 1Mb or more:
     R 1.3Mb
     libs 3.8Mb
Flavors: r-devel-linux-x86_64-fedora-clang, r-release-macos-arm64, r-release-macos-x86_64, r-release-windows-ix86+x86_64, r-oldrel-macos-x86_64, r-oldrel-windows-ix86+x86_64

Version: 0.32.2
Check: dependencies in R code
Result: NOTE
    Namespace in Imports field not imported from: 'lpSolveAPI'
     All declared Imports should be used.
Flavors: r-devel-linux-x86_64-fedora-clang, r-devel-linux-x86_64-fedora-gcc, r-devel-windows-x86_64-new-TK, r-release-macos-arm64, r-release-macos-x86_64, r-oldrel-macos-x86_64

Version: 0.32.2
Check: Rd cross-references
Result: NOTE
    Undeclared package ‘RegSDC’ in Rd xrefs
Flavor: r-devel-linux-x86_64-fedora-clang