Last updated on 2023-04-01 11:51:41 CEST.
Flavor | Version | Tinstall | Tcheck | Ttotal | Status | Flags |
---|---|---|---|---|---|---|
r-devel-linux-x86_64-debian-clang | 0.1.8 | 161.08 | 70.58 | 231.66 | NOTE | |
r-devel-linux-x86_64-debian-gcc | 0.1.8 | 128.66 | 52.80 | 181.46 | NOTE | |
r-devel-linux-x86_64-fedora-clang | 0.1.8 | 344.66 | NOTE | |||
r-devel-linux-x86_64-fedora-gcc | 0.1.8 | 303.79 | NOTE | |||
r-patched-linux-x86_64 | 0.1.8 | 136.80 | 67.66 | 204.46 | NOTE | |
r-release-linux-x86_64 | 0.1.8 | 141.61 | 61.89 | 203.50 | OK | |
r-release-macos-arm64 | 0.1.8 | 72.00 | NOTE | |||
r-release-macos-x86_64 | 0.1.8 | 94.00 | NOTE | |||
r-release-windows-x86_64 | 0.1.8 | 156.00 | 128.00 | 284.00 | OK | |
r-oldrel-macos-arm64 | 0.1.8 | 82.00 | NOTE | |||
r-oldrel-macos-x86_64 | 0.1.8 | 98.00 | NOTE | |||
r-oldrel-windows-ix86+x86_64 | 0.1.8 | 373.00 | 140.00 | 513.00 | OK |
Version: 0.1.8
Check: C++ specification
Result: NOTE
Specified C++11: please drop specification unless essential
Flavors: r-devel-linux-x86_64-debian-clang, r-devel-linux-x86_64-debian-gcc, r-devel-linux-x86_64-fedora-clang, r-devel-linux-x86_64-fedora-gcc, r-patched-linux-x86_64
Version: 0.1.8
Check: installed package size
Result: NOTE
installed size is 10.2Mb
sub-directories of 1Mb or more:
libs 9.3Mb
Flavors: r-release-macos-arm64, r-release-macos-x86_64, r-oldrel-macos-arm64, r-oldrel-macos-x86_64