CRAN Package Check Results for Package seagull

Last updated on 2021-07-30 05:52:28 CEST.

Flavor Version Tinstall Tcheck Ttotal Status Flags
r-devel-linux-x86_64-debian-clang 1.1.0 OK
r-devel-linux-x86_64-debian-gcc 1.1.0 126.37 44.49 170.86 OK
r-devel-linux-x86_64-fedora-clang 1.1.0 347.15 NOTE
r-devel-linux-x86_64-fedora-gcc 1.1.0 314.15 OK
r-devel-windows-x86_64 1.1.0 162.00 107.00 269.00 OK
r-devel-windows-x86_64-gcc10-UCRT 1.1.0 OK
r-patched-linux-x86_64 1.1.0 OK
r-patched-solaris-x86 1.1.0 328.90 OK
r-release-linux-x86_64 1.1.0 142.71 56.65 199.36 OK
r-release-macos-arm64 1.1.0 NOTE
r-release-macos-x86_64 1.1.0 NOTE
r-release-windows-ix86+x86_64 1.1.0 426.00 115.00 541.00 OK
r-oldrel-macos-x86_64 1.1.0 NOTE
r-oldrel-windows-ix86+x86_64 1.1.0 301.00 118.00 419.00 OK

Check Details

Version: 1.1.0
Check: installed package size
Result: NOTE
     installed size is 6.8Mb
     sub-directories of 1Mb or more:
     libs 6.1Mb
Flavors: r-devel-linux-x86_64-fedora-clang, r-release-macos-arm64, r-release-macos-x86_64, r-oldrel-macos-x86_64