CRAN Package Check Results for Package searchConsoleR

Last updated on 2024-02-27 12:50:49 CET.

Flavor Version Tinstall Tcheck Ttotal Status Flags
r-devel-linux-x86_64-debian-clang 0.4.0 4.53 43.76 48.29 NOTE
r-devel-linux-x86_64-debian-gcc 0.4.0 3.53 33.28 36.81 NOTE
r-devel-linux-x86_64-fedora-clang 0.4.0 59.08 NOTE
r-devel-linux-x86_64-fedora-gcc 0.4.0 68.32 NOTE
r-devel-windows-x86_64 0.4.0 5.00 63.00 68.00 NOTE
r-patched-linux-x86_64 0.4.0 5.05 41.83 46.88 NOTE
r-release-linux-x86_64 0.4.0 4.74 42.79 47.53 NOTE
r-release-macos-arm64 0.4.0 30.00 NOTE
r-release-macos-x86_64 0.4.0 46.00 NOTE
r-release-windows-x86_64 0.4.0 6.00 64.00 70.00 NOTE
r-oldrel-macos-arm64 0.4.0 23.00 NOTE
r-oldrel-windows-x86_64 0.4.0 7.00 60.00 67.00 NOTE

Check Details

Version: 0.4.0
Check: Rd \usage sections
Result: NOTE Documented arguments not in \usage in Rd file 'parse_search_analytics.Rd': ‘pn’ Functions with \usage entries need to have the appropriate \alias entries, and all their arguments documented. The \usage entries must correspond to syntactically valid R code. See chapter ‘Writing R documentation files’ in the ‘Writing R Extensions’ manual. Flavors: r-devel-linux-x86_64-debian-clang, r-devel-linux-x86_64-debian-gcc, r-devel-linux-x86_64-fedora-clang, r-devel-linux-x86_64-fedora-gcc, r-devel-windows-x86_64

Version: 0.4.0
Check: LazyData
Result: NOTE 'LazyData' is specified without a 'data' directory Flavors: r-devel-linux-x86_64-debian-clang, r-devel-linux-x86_64-debian-gcc, r-devel-linux-x86_64-fedora-clang, r-devel-linux-x86_64-fedora-gcc, r-devel-windows-x86_64, r-patched-linux-x86_64, r-release-linux-x86_64, r-release-macos-arm64, r-release-macos-x86_64, r-release-windows-x86_64, r-oldrel-macos-arm64, r-oldrel-windows-x86_64