Last updated on 2023-03-23 17:52:27 CET.
Flavor | Version | Tinstall | Tcheck | Ttotal | Status | Flags |
---|---|---|---|---|---|---|
r-devel-linux-x86_64-debian-clang | 0.6-0 | 8.19 | 68.01 | 76.20 | OK | |
r-devel-linux-x86_64-debian-gcc | 0.6-0 | 6.49 | 52.55 | 59.04 | OK | |
r-devel-linux-x86_64-fedora-clang | 0.6-0 | 98.88 | NOTE | |||
r-devel-linux-x86_64-fedora-gcc | 0.6-0 | 88.97 | NOTE | |||
r-patched-linux-x86_64 | 0.6-0 | 8.20 | 64.74 | 72.94 | OK | |
r-release-linux-x86_64 | 0.6-0 | 8.65 | 63.66 | 72.31 | OK | |
r-release-macos-arm64 | 0.6-0 | 30.00 | NOTE | |||
r-release-macos-x86_64 | 0.6-0 | 40.00 | NOTE | |||
r-release-windows-x86_64 | 0.6-0 | 30.00 | 107.00 | 137.00 | OK | |
r-oldrel-macos-arm64 | 0.6-0 | 28.00 | NOTE | |||
r-oldrel-macos-x86_64 | 0.6-0 | 40.00 | NOTE | |||
r-oldrel-windows-ix86+x86_64 | 0.6-0 | 17.00 | 148.00 | 165.00 | OK |
Version: 0.6-0
Check: data for non-ASCII characters
Result: NOTE
Note: found 3 marked UTF-8 strings
Flavors: r-devel-linux-x86_64-fedora-clang, r-devel-linux-x86_64-fedora-gcc, r-release-macos-arm64, r-release-macos-x86_64, r-oldrel-macos-arm64, r-oldrel-macos-x86_64