CRAN Package Check Results for Package seas

Last updated on 2019-06-16 22:49:40 CEST.

Flavor Version Tinstall Tcheck Ttotal Status Flags
r-devel-linux-x86_64-debian-clang 0.5-2 6.32 54.32 60.64 OK
r-devel-linux-x86_64-debian-gcc 0.5-2 4.94 41.70 46.64 OK
r-devel-linux-x86_64-fedora-clang 0.5-2 72.41 NOTE
r-devel-linux-x86_64-fedora-gcc 0.5-2 68.33 NOTE
r-devel-windows-ix86+x86_64 0.5-2 22.00 120.00 142.00 OK
r-patched-linux-x86_64 0.5-2 6.98 53.68 60.66 OK
r-patched-solaris-x86 0.5-2 97.80 NOTE
r-release-linux-x86_64 0.5-2 6.28 53.21 59.49 OK
r-release-windows-ix86+x86_64 0.5-2 15.00 140.00 155.00 OK
r-release-osx-x86_64 0.5-2 NOTE
r-oldrel-windows-ix86+x86_64 0.5-2 11.00 135.00 146.00 OK
r-oldrel-osx-x86_64 0.5-2 NOTE

Check Details

Version: 0.5-2
Check: data for non-ASCII characters
Result: NOTE
     Note: found 3 marked UTF-8 strings
Flavors: r-devel-linux-x86_64-fedora-clang, r-devel-linux-x86_64-fedora-gcc, r-patched-solaris-x86, r-release-osx-x86_64, r-oldrel-osx-x86_64

Version: 0.5-2
Check: installed package size
Result: NOTE
     installed size is 5.0Mb
     sub-directories of 1Mb or more:
     extdata 4.1Mb
Flavor: r-patched-solaris-x86