CRAN Package Check Results for Package seas

Last updated on 2019-04-18 11:56:06 CEST.

Flavor Version Tinstall Tcheck Ttotal Status Flags
r-devel-linux-x86_64-debian-clang 0.5-2 6.50 55.05 61.55 OK
r-devel-linux-x86_64-debian-gcc 0.5-2 5.11 42.59 47.70 OK
r-devel-linux-x86_64-fedora-clang 0.5-2 71.67 NOTE
r-devel-linux-x86_64-fedora-gcc 0.5-2 68.10 NOTE
r-devel-windows-ix86+x86_64 0.5-2 22.00 110.00 132.00 OK
r-patched-linux-x86_64 0.5-2 6.12 52.67 58.79 OK
r-patched-solaris-x86 0.5-2 97.30 NOTE
r-release-linux-x86_64 0.5-2 6.03 52.45 58.48 OK
r-release-windows-ix86+x86_64 0.5-2 13.00 141.00 154.00 OK
r-release-osx-x86_64 0.5-2 NOTE
r-oldrel-windows-ix86+x86_64 0.5-2 8.00 148.00 156.00 OK
r-oldrel-osx-x86_64 0.5-2 NOTE

Check Details

Version: 0.5-2
Check: data for non-ASCII characters
Result: NOTE
     Note: found 3 marked UTF-8 strings
Flavors: r-devel-linux-x86_64-fedora-clang, r-devel-linux-x86_64-fedora-gcc, r-patched-solaris-x86, r-release-osx-x86_64, r-oldrel-osx-x86_64

Version: 0.5-2
Check: installed package size
Result: NOTE
     installed size is 5.0Mb
     sub-directories of 1Mb or more:
     extdata 4.1Mb
Flavor: r-patched-solaris-x86