CRAN Package Check Results for Package seasonal

Last updated on 2019-06-16 22:49:40 CEST.

Flavor Version Tinstall Tcheck Ttotal Status Flags
r-devel-linux-x86_64-debian-clang 1.7.0 5.00 50.81 55.81 OK
r-devel-linux-x86_64-debian-gcc 1.7.0 3.91 39.81 43.72 OK
r-devel-linux-x86_64-fedora-clang 1.7.0 67.14 OK
r-devel-linux-x86_64-fedora-gcc 1.7.0 65.56 OK
r-devel-windows-ix86+x86_64 1.7.0 14.00 89.00 103.00 OK
r-patched-linux-x86_64 1.7.0 4.89 50.87 55.76 OK
r-patched-solaris-x86 1.7.0 69.50 OK
r-release-linux-x86_64 1.7.0 4.85 50.57 55.42 OK
r-release-windows-ix86+x86_64 1.7.0 11.00 112.00 123.00 OK
r-release-osx-x86_64 1.7.0 NOTE
r-oldrel-windows-ix86+x86_64 1.7.0 8.00 106.00 114.00 OK
r-oldrel-osx-x86_64 1.7.0 OK

Check Details

Version: 1.7.0
Check: package dependencies
Result: NOTE
    Package suggested but not available for checking: ‘seasonalview’
Flavor: r-release-osx-x86_64

Version: 1.7.0
Check: Rd cross-references
Result: NOTE
    Package unavailable to check Rd xrefs: ‘seasonalview’
Flavor: r-release-osx-x86_64