CRAN Package Check Results for Package seewave

Last updated on 2021-06-16 11:54:34 CEST.

Flavor Version Tinstall Tcheck Ttotal Status Flags
r-devel-linux-x86_64-debian-clang 2.1.6 15.06 151.66 166.72 OK
r-devel-linux-x86_64-debian-gcc 2.1.6 12.67 116.88 129.55 OK
r-devel-linux-x86_64-fedora-clang 2.1.6 209.12 OK
r-devel-linux-x86_64-fedora-gcc 2.1.6 197.67 OK
r-devel-windows-x86_64 2.1.6 23.00 208.00 231.00 OK
r-devel-windows-x86_64-gcc10-UCRT 2.1.6 OK
r-patched-linux-x86_64 2.1.6 20.88 146.31 167.19 OK
r-patched-solaris-x86 2.1.6 242.00 OK
r-release-linux-x86_64 2.1.6 12.65 145.18 157.83 OK
r-release-macos-arm64 2.1.6 NOTE
r-release-macos-x86_64 2.1.6 NOTE
r-release-windows-ix86+x86_64 2.1.6 25.00 190.00 215.00 OK
r-oldrel-macos-x86_64 2.1.6 NOTE
r-oldrel-windows-ix86+x86_64 2.1.6 18.00 190.00 208.00 OK

Check Details

Version: 2.1.6
Check: package dependencies
Result: NOTE
    Package suggested but not available for checking: ‘rpanel’
Flavors: r-release-macos-arm64, r-release-macos-x86_64, r-oldrel-macos-x86_64