Last updated on 2023-09-30 06:08:52 CEST.
Flavor | Version | Tinstall | Tcheck | Ttotal | Status | Flags |
---|---|---|---|---|---|---|
r-devel-linux-x86_64-debian-clang | 0.5-7 | 7.98 | 54.92 | 62.90 | NOTE | |
r-devel-linux-x86_64-debian-gcc | 0.5-7 | 6.37 | 42.50 | 48.87 | NOTE | |
r-devel-linux-x86_64-fedora-clang | 0.5-7 | 79.81 | NOTE | |||
r-devel-linux-x86_64-fedora-gcc | 0.5-7 | 80.52 | NOTE | |||
r-devel-windows-x86_64 | 0.5-7 | 10.00 | 67.00 | 77.00 | NOTE | |
r-patched-linux-x86_64 | 0.5-7 | 8.59 | 54.25 | 62.84 | NOTE | |
r-release-linux-x86_64 | 0.5-7 | 8.14 | 54.78 | 62.92 | NOTE | |
r-release-macos-arm64 | 0.5-7 | 27.00 | NOTE | |||
r-release-macos-x86_64 | 0.5-7 | 43.00 | NOTE | |||
r-release-windows-x86_64 | 0.5-7 | 13.00 | 78.00 | 91.00 | NOTE | |
r-oldrel-macos-arm64 | 0.5-7 | 29.00 | OK | |||
r-oldrel-macos-x86_64 | 0.5-7 | 44.00 | OK | |||
r-oldrel-windows-x86_64 | 0.5-7 | 14.00 | 82.00 | 96.00 | NOTE |
Version: 0.5-7
Check: package dependencies
Result: NOTE
Package suggested but not available for checking: ‘spgrass6’
Flavors: r-devel-linux-x86_64-debian-clang, r-devel-linux-x86_64-debian-gcc, r-devel-linux-x86_64-fedora-clang, r-devel-linux-x86_64-fedora-gcc, r-devel-windows-x86_64, r-patched-linux-x86_64, r-release-linux-x86_64, r-release-macos-arm64, r-release-windows-x86_64, r-oldrel-windows-x86_64
Version: 0.5-7
Check: package dependencies
Result: NOTE
Packages suggested but not available for checking:
'spdep', 'spgrass6', 'rgdal'
Flavor: r-release-macos-x86_64