CRAN Package Check Results for Package semTable

Last updated on 2021-12-02 23:51:22 CET.

Flavor Version Tinstall Tcheck Ttotal Status Flags
r-devel-linux-x86_64-debian-clang 1.8 6.14 101.43 107.57 NOTE
r-devel-linux-x86_64-debian-gcc 1.8 4.79 78.40 83.19 NOTE
r-devel-linux-x86_64-fedora-clang 1.8 172.24 NOTE
r-devel-linux-x86_64-fedora-gcc 1.8 160.51 NOTE
r-devel-windows-x86_64-new-UL 1.8 13.00 175.00 188.00 NOTE
r-devel-windows-x86_64-new-TK 1.8 NOTE
r-devel-windows-x86_64-old 1.8 9.00 105.00 114.00 NOTE
r-patched-linux-x86_64 1.8 5.61 98.58 104.19 NOTE
r-patched-solaris-x86 1.8 183.80 NOTE
r-release-linux-x86_64 1.8 4.82 98.99 103.81 NOTE
r-release-macos-arm64 1.8 NOTE
r-release-macos-x86_64 1.8 NOTE
r-release-windows-ix86+x86_64 1.8 13.00 143.00 156.00 NOTE
r-oldrel-macos-x86_64 1.8 OK
r-oldrel-windows-ix86+x86_64 1.8 12.00 138.00 150.00 OK

Check Details

Version: 1.8
Check: LazyData
Result: NOTE
     'LazyData' is specified without a 'data' directory
Flavors: r-devel-linux-x86_64-debian-clang, r-devel-linux-x86_64-debian-gcc, r-devel-linux-x86_64-fedora-clang, r-devel-linux-x86_64-fedora-gcc, r-devel-windows-x86_64-new-UL, r-devel-windows-x86_64-new-TK, r-devel-windows-x86_64-old, r-patched-linux-x86_64, r-patched-solaris-x86, r-release-linux-x86_64, r-release-macos-arm64, r-release-macos-x86_64, r-release-windows-ix86+x86_64