CRAN Package Check Results for Package semTable

Last updated on 2021-05-15 23:49:29 CEST.

Flavor Version Tinstall Tcheck Ttotal Status Flags
r-devel-linux-x86_64-debian-clang 1.8 5.58 120.60 126.18 NOTE
r-devel-linux-x86_64-debian-gcc 1.8 3.88 96.05 99.93 NOTE
r-devel-linux-x86_64-fedora-clang 1.8 163.41 NOTE
r-devel-linux-x86_64-fedora-gcc 1.8 148.47 NOTE
r-devel-windows-ix86+x86_64 1.8 14.00 104.00 118.00 NOTE
r-devel-windows-x86_64-gcc10-UCRT 1.8 NOTE
r-patched-linux-x86_64 1.8 6.20 117.22 123.42 NOTE
r-patched-solaris-x86 1.8 183.90 NOTE
r-release-linux-x86_64 1.8 5.44 115.21 120.65 OK
r-release-macos-x86_64 1.8 OK
r-release-windows-ix86+x86_64 1.8 10.00 138.00 148.00 OK
r-oldrel-macos-x86_64 1.8 OK
r-oldrel-windows-ix86+x86_64 1.8 8.00 122.00 130.00 OK

Check Details

Version: 1.8
Check: LazyData
Result: NOTE
     'LazyData' is specified without a 'data' directory
Flavors: r-devel-linux-x86_64-debian-clang, r-devel-linux-x86_64-debian-gcc, r-devel-linux-x86_64-fedora-clang, r-devel-linux-x86_64-fedora-gcc, r-devel-windows-ix86+x86_64, r-devel-windows-x86_64-gcc10-UCRT, r-patched-linux-x86_64, r-patched-solaris-x86