Last updated on 2024-08-16 11:49:51 CEST.
Flavor | Version | Tinstall | Tcheck | Ttotal | Status | Flags |
---|---|---|---|---|---|---|
r-devel-linux-x86_64-debian-clang | 1.1.0 | 8.49 | 64.78 | 73.27 | OK | |
r-devel-linux-x86_64-debian-gcc | 1.1.0 | 6.49 | 47.14 | 53.63 | OK | |
r-devel-linux-x86_64-fedora-clang | 1.1.0 | 109.27 | OK | |||
r-devel-linux-x86_64-fedora-gcc | 1.1.0 | 104.54 | OK | |||
r-devel-windows-x86_64 | 1.1.0 | 11.00 | 73.00 | 84.00 | OK | |
r-patched-linux-x86_64 | 1.1.0 | 6.75 | 58.67 | 65.42 | OK | |
r-release-linux-x86_64 | 1.1.0 | 7.70 | 59.61 | 67.31 | OK | |
r-release-macos-arm64 | 1.1.0 | 36.00 | OK | |||
r-release-macos-x86_64 | 1.1.0 | 81.00 | OK | |||
r-release-windows-x86_64 | 1.1.0 | 12.00 | 73.00 | 85.00 | OK | |
r-oldrel-macos-arm64 | 1.1.0 | 13.00 | ERROR | |||
r-oldrel-macos-x86_64 | 1.1.0 | 10.00 | ERROR | |||
r-oldrel-windows-x86_64 | 1.1.0 | 13.00 | 92.00 | 105.00 | OK |
Version: 1.1.0
Check: package dependencies
Result: ERROR
Package required and available but unsuitable version: ‘paradox’
See section ‘The DESCRIPTION file’ in the ‘Writing R Extensions’
manual.
Flavors: r-oldrel-macos-arm64, r-oldrel-macos-x86_64