Last updated on 2024-08-16 11:49:51 CEST.
Flavor | Version | Tinstall | Tcheck | Ttotal | Status | Flags |
---|---|---|---|---|---|---|
r-devel-linux-x86_64-debian-clang | 0.0.1 | 2.59 | 20.51 | 23.10 | OK | |
r-devel-linux-x86_64-debian-gcc | 0.0.1 | 1.98 | 16.59 | 18.57 | OK | |
r-devel-linux-x86_64-fedora-clang | 0.0.1 | 37.99 | NOTE | |||
r-devel-linux-x86_64-fedora-gcc | 0.0.1 | 35.96 | NOTE | |||
r-devel-windows-x86_64 | 0.0.1 | 4.00 | 42.00 | 46.00 | OK | |
r-patched-linux-x86_64 | 0.0.1 | 2.94 | 20.21 | 23.15 | OK | |
r-release-linux-x86_64 | 0.0.1 | 2.84 | 20.15 | 22.99 | OK | |
r-release-macos-arm64 | 0.0.1 | 16.00 | OK | |||
r-release-macos-x86_64 | 0.0.1 | 32.00 | OK | |||
r-release-windows-x86_64 | 0.0.1 | 4.00 | 43.00 | 47.00 | OK | |
r-oldrel-macos-arm64 | 0.0.1 | 17.00 | OK | |||
r-oldrel-macos-x86_64 | 0.0.1 | 25.00 | OK | |||
r-oldrel-windows-x86_64 | 0.0.1 | 4.00 | 46.00 | 50.00 | OK |
Version: 0.0.1
Check: data for non-ASCII characters
Result: NOTE
Note: found 52 marked UTF-8 strings
Flavors: r-devel-linux-x86_64-fedora-clang, r-devel-linux-x86_64-fedora-gcc