Last updated on 2021-04-21 00:48:04 CEST.
Flavor | Version | Tinstall | Tcheck | Ttotal | Status | Flags |
---|---|---|---|---|---|---|
r-devel-linux-x86_64-debian-clang | 4.2-5 | 15.40 | 121.62 | 137.02 | OK | |
r-devel-linux-x86_64-debian-gcc | 4.2-5 | 11.70 | 94.91 | 106.61 | OK | |
r-devel-linux-x86_64-fedora-clang | 4.2-5 | 173.92 | NOTE | |||
r-devel-linux-x86_64-fedora-gcc | 4.2-5 | 164.21 | OK | |||
r-devel-windows-ix86+x86_64 | 4.2-5 | 27.00 | 167.00 | 194.00 | NOTE | |
r-devel-windows-x86_64-gcc10-UCRT | 4.2-5 | OK | ||||
r-patched-linux-x86_64 | 4.2-5 | 15.83 | 116.91 | 132.74 | OK | |
r-patched-solaris-x86 | 4.2-5 | 230.70 | NOTE | |||
r-release-linux-x86_64 | 4.2-5 | 15.12 | 117.00 | 132.12 | OK | |
r-release-macos-x86_64 | 4.2-5 | NOTE | ||||
r-release-windows-ix86+x86_64 | 4.2-5 | 31.00 | 255.00 | 286.00 | NOTE | |
r-oldrel-macos-x86_64 | 4.2-5 | NOTE | ||||
r-oldrel-windows-ix86+x86_64 | 4.2-5 | 54.00 | 205.00 | 259.00 | NOTE |
Version: 4.2-5
Check: installed package size
Result: NOTE
installed size is 5.5Mb
sub-directories of 1Mb or more:
data 1.4Mb
sequences 1.9Mb
Flavors: r-devel-linux-x86_64-fedora-clang, r-devel-windows-ix86+x86_64, r-patched-solaris-x86, r-release-macos-x86_64, r-release-windows-ix86+x86_64, r-oldrel-macos-x86_64, r-oldrel-windows-ix86+x86_64