CRAN Package Check Results for Package seqminer

Last updated on 2021-06-15 17:50:37 CEST.

Flavor Version Tinstall Tcheck Ttotal Status Flags
r-devel-linux-x86_64-debian-clang 8.0 202.44 34.57 237.01 NOTE
r-devel-linux-x86_64-debian-gcc 8.0 144.61 27.66 172.27 NOTE
r-devel-linux-x86_64-fedora-clang 8.0 361.18 NOTE
r-devel-linux-x86_64-fedora-gcc 8.0 302.17 NOTE
r-devel-windows-x86_64 8.0 282.00 81.00 363.00 NOTE
r-devel-windows-x86_64-gcc10-UCRT 8.0 NOTE
r-patched-linux-x86_64 8.0 162.32 34.21 196.53 NOTE
r-patched-solaris-x86 8.0 292.40 NOTE
r-release-linux-x86_64 8.0 163.88 34.18 198.06 NOTE
r-release-macos-arm64 8.0 NOTE
r-release-macos-x86_64 8.0 NOTE
r-release-windows-ix86+x86_64 8.0 547.00 87.00 634.00 NOTE
r-oldrel-macos-x86_64 8.0 NOTE
r-oldrel-windows-ix86+x86_64 8.0 447.00 88.00 535.00 NOTE

Check Details

Version: 8.0
Check: for GNU extensions in Makefiles
Result: NOTE
    GNU make is a SystemRequirements.
Flavors: r-devel-linux-x86_64-debian-clang, r-devel-linux-x86_64-debian-gcc, r-devel-linux-x86_64-fedora-clang, r-devel-linux-x86_64-fedora-gcc, r-devel-windows-x86_64, r-devel-windows-x86_64-gcc10-UCRT, r-patched-linux-x86_64, r-patched-solaris-x86, r-release-linux-x86_64, r-release-macos-arm64, r-release-macos-x86_64, r-release-windows-ix86+x86_64, r-oldrel-macos-x86_64, r-oldrel-windows-ix86+x86_64

Version: 8.0
Check: installed package size
Result: NOTE
     installed size is 19.2Mb
     sub-directories of 1Mb or more:
     libs 17.8Mb
Flavors: r-devel-linux-x86_64-fedora-clang, r-release-macos-arm64, r-release-macos-x86_64, r-release-windows-ix86+x86_64, r-oldrel-macos-x86_64, r-oldrel-windows-ix86+x86_64