Last updated on 2021-04-21 00:48:04 CEST.
Flavor | Version | Tinstall | Tcheck | Ttotal | Status | Flags |
---|---|---|---|---|---|---|
r-devel-linux-x86_64-debian-clang | 1.2-9 | 12.99 | 88.13 | 101.12 | OK | |
r-devel-linux-x86_64-debian-gcc | 1.2-9 | 8.79 | 67.66 | 76.45 | OK | |
r-devel-linux-x86_64-fedora-clang | 1.2-9 | 131.25 | OK | |||
r-devel-linux-x86_64-fedora-gcc | 1.2-9 | 122.16 | OK | |||
r-devel-windows-ix86+x86_64 | 1.2-9 | 24.00 | 115.00 | 139.00 | OK | |
r-devel-windows-x86_64-gcc10-UCRT | 1.2-9 | OK | ||||
r-patched-linux-x86_64 | 1.2-9 | 13.04 | 82.02 | 95.06 | WARN | |
r-patched-solaris-x86 | 1.2-9 | 179.40 | OK | |||
r-release-linux-x86_64 | 1.2-9 | 10.83 | 82.45 | 93.28 | OK | |
r-release-macos-x86_64 | 1.2-9 | OK | ||||
r-release-windows-ix86+x86_64 | 1.2-9 | 32.00 | 123.00 | 155.00 | OK | |
r-oldrel-macos-x86_64 | 1.2-9 | OK | ||||
r-oldrel-windows-ix86+x86_64 | 1.2-9 | 28.00 | 140.00 | 168.00 | OK |
Version: 1.2-9
Check: whether package can be installed
Result: WARN
Found the following significant warnings:
Rd warning: /tmp/RtmpmbrPSe/R.INSTALL187d22a14898/seriation/man/col.Rd:37: file link ‘colorRampPalette’ in package ‘grDevices’ does not exist and so has been treated as a topic
Rd warning: /tmp/RtmpmbrPSe/R.INSTALL187d22a14898/seriation/man/reorder_hclust.Rd:46: file link ‘reorder.hclust’ in package ‘gclus’ does not exist and so has been treated as a topic
Flavor: r-patched-linux-x86_64