Last updated on 2024-08-16 11:49:51 CEST.
Flavor | Version | Tinstall | Tcheck | Ttotal | Status | Flags |
---|---|---|---|---|---|---|
r-devel-linux-x86_64-debian-clang | 1.5.5 | 14.91 | 177.76 | 192.67 | NOTE | |
r-devel-linux-x86_64-debian-gcc | 1.5.5 | 10.73 | 158.42 | 169.15 | NOTE | |
r-devel-linux-x86_64-fedora-clang | 1.5.5 | 275.40 | OK | |||
r-devel-linux-x86_64-fedora-gcc | 1.5.5 | 282.97 | OK | |||
r-devel-windows-x86_64 | 1.5.5 | 23.00 | 213.00 | 236.00 | NOTE | |
r-patched-linux-x86_64 | 1.5.5 | 20.90 | 168.43 | 189.33 | OK | |
r-release-linux-x86_64 | 1.5.5 | 14.29 | 173.39 | 187.68 | OK | |
r-release-macos-arm64 | 1.5.5 | 108.00 | OK | |||
r-release-macos-x86_64 | 1.5.5 | 169.00 | OK | |||
r-release-windows-x86_64 | 1.5.5 | 25.00 | 215.00 | 240.00 | OK | |
r-oldrel-macos-arm64 | 1.5.5 | 121.00 | OK | |||
r-oldrel-macos-x86_64 | 1.5.5 | 226.00 | OK | |||
r-oldrel-windows-x86_64 | 1.5.5 | 29.00 | 261.00 | 290.00 | OK |
Version: 1.5.5
Check: Rd cross-references
Result: NOTE
Found the following Rd file(s) with Rd \link{} targets missing package
anchors:
palette.Rd: sequential_hcl, diverging_hcl
Please provide package anchors for all Rd \link{} targets not in the
package itself and the base packages.
Flavors: r-devel-linux-x86_64-debian-clang, r-devel-linux-x86_64-debian-gcc, r-devel-windows-x86_64