CRAN Package Check Results for Package serieslcb

Last updated on 2022-01-24 11:53:12 CET.

Flavor Version Tinstall Tcheck Ttotal Status Flags
r-devel-linux-x86_64-debian-clang 0.4.0 4.15 44.97 49.12 NOTE
r-devel-linux-x86_64-debian-gcc 0.4.0 3.26 34.58 37.84 NOTE
r-devel-linux-x86_64-fedora-clang 0.4.0 60.34 NOTE
r-devel-linux-x86_64-fedora-gcc 0.4.0 49.44 NOTE
r-devel-windows-x86_64-new-UL 0.4.0 35.00 68.00 103.00 NOTE
r-devel-windows-x86_64-new-TK 0.4.0 NOTE
r-patched-linux-x86_64 0.4.0 4.48 43.40 47.88 NOTE
r-release-linux-x86_64 0.4.0 4.14 42.98 47.12 NOTE
r-release-macos-arm64 0.4.0 NOTE
r-release-macos-x86_64 0.4.0 NOTE
r-release-windows-ix86+x86_64 0.4.0 10.00 57.00 67.00 NOTE
r-oldrel-macos-x86_64 0.4.0 OK
r-oldrel-windows-ix86+x86_64 0.4.0 10.00 58.00 68.00 OK

Check Details

Version: 0.4.0
Check: LazyData
Result: NOTE
     'LazyData' is specified without a 'data' directory
Flavors: r-devel-linux-x86_64-debian-clang, r-devel-linux-x86_64-debian-gcc, r-devel-linux-x86_64-fedora-clang, r-devel-linux-x86_64-fedora-gcc, r-devel-windows-x86_64-new-UL, r-devel-windows-x86_64-new-TK, r-patched-linux-x86_64, r-release-linux-x86_64, r-release-macos-arm64, r-release-macos-x86_64, r-release-windows-ix86+x86_64