CRAN Package Check Results for Package set

Last updated on 2021-12-04 23:50:45 CET.

Flavor Version Tinstall Tcheck Ttotal Status Flags
r-devel-linux-x86_64-debian-clang 1.2 2.38 29.62 32.00 NOTE
r-devel-linux-x86_64-debian-gcc 1.2 1.92 23.76 25.68 NOTE
r-devel-linux-x86_64-fedora-clang 1.2 40.59 NOTE
r-devel-linux-x86_64-fedora-gcc 1.2 29.23 NOTE
r-devel-windows-x86_64-new-UL 1.2 7.00 58.00 65.00 NOTE
r-devel-windows-x86_64-new-TK 1.2 NOTE
r-devel-windows-x86_64-old 1.2 8.00 31.00 39.00 NOTE
r-patched-linux-x86_64 1.2 2.28 20.91 23.19 NOTE
r-release-linux-x86_64 1.2 2.01 20.99 23.00 NOTE
r-release-macos-arm64 1.2 NOTE
r-release-macos-x86_64 1.2 NOTE
r-release-windows-ix86+x86_64 1.2 6.00 43.00 49.00 NOTE
r-oldrel-macos-x86_64 1.2 OK
r-oldrel-windows-ix86+x86_64 1.2 7.00 42.00 49.00 OK

Check Details

Version: 1.2
Check: LazyData
Result: NOTE
     'LazyData' is specified without a 'data' directory
Flavors: r-devel-linux-x86_64-debian-clang, r-devel-linux-x86_64-debian-gcc, r-devel-linux-x86_64-fedora-clang, r-devel-linux-x86_64-fedora-gcc, r-devel-windows-x86_64-new-UL, r-devel-windows-x86_64-new-TK, r-devel-windows-x86_64-old, r-patched-linux-x86_64, r-release-linux-x86_64, r-release-macos-arm64, r-release-macos-x86_64, r-release-windows-ix86+x86_64