Last updated on 2024-08-16 11:49:51 CEST.
Flavor | Version | Tinstall | Tcheck | Ttotal | Status | Flags |
---|---|---|---|---|---|---|
r-devel-linux-x86_64-debian-clang | 1.0-16 | 134.71 | 307.66 | 442.37 | NOTE | |
r-devel-linux-x86_64-debian-gcc | 1.0-16 | 103.51 | 208.53 | 312.04 | NOTE | |
r-devel-linux-x86_64-fedora-clang | 1.0-16 | 756.24 | NOTE | |||
r-devel-linux-x86_64-fedora-gcc | 1.0-16 | 790.55 | OK | |||
r-devel-windows-x86_64 | 1.0-16 | 169.00 | 764.00 | 933.00 | NOTE | |
r-patched-linux-x86_64 | 1.0-16 | 152.97 | 291.10 | 444.07 | OK | |
r-release-linux-x86_64 | 1.0-16 | 148.02 | 297.31 | 445.33 | OK | |
r-release-macos-arm64 | 1.0-16 | 213.00 | NOTE | |||
r-release-macos-x86_64 | 1.0-16 | 329.00 | NOTE | |||
r-release-windows-x86_64 | 1.0-16 | 175.00 | 782.00 | 957.00 | NOTE | |
r-oldrel-macos-arm64 | 1.0-16 | 224.00 | NOTE | |||
r-oldrel-macos-x86_64 | 1.0-16 | 516.00 | NOTE | |||
r-oldrel-windows-x86_64 | 1.0-16 | 203.00 | 998.00 | 1201.00 | NOTE |
Version: 1.0-16
Check: Rd cross-references
Result: NOTE
Found the following Rd file(s) with Rd \link{} targets missing package
anchors:
st_write.Rd: dbWriteTable
Please provide package anchors for all Rd \link{} targets not in the
package itself and the base packages.
Flavors: r-devel-linux-x86_64-debian-clang, r-devel-linux-x86_64-debian-gcc, r-devel-windows-x86_64
Version: 1.0-16
Check: installed package size
Result: NOTE
installed size is 7.6Mb
sub-directories of 1Mb or more:
doc 1.7Mb
libs 1.2Mb
sqlite 1.5Mb
Flavors: r-devel-linux-x86_64-fedora-clang, r-devel-windows-x86_64, r-release-macos-arm64, r-release-macos-x86_64, r-release-windows-x86_64, r-oldrel-macos-arm64, r-oldrel-macos-x86_64, r-oldrel-windows-x86_64