Last updated on 2023-06-07 05:58:32 CEST.
Flavor | Version | Tinstall | Tcheck | Ttotal | Status | Flags |
---|---|---|---|---|---|---|
r-devel-linux-x86_64-debian-clang | 0.4.1 | 2.09 | 35.97 | 38.06 | OK | |
r-devel-linux-x86_64-debian-gcc | 0.4.1 | 1.90 | 27.97 | 29.87 | OK | |
r-devel-linux-x86_64-fedora-clang | 0.4.1 | 48.13 | OK | |||
r-devel-linux-x86_64-fedora-gcc | 0.4.1 | 56.57 | OK | |||
r-devel-windows-x86_64 | 0.4.1 | 5.00 | 53.00 | 58.00 | NOTE | |
r-patched-linux-x86_64 | 0.4.1 | 2.33 | 33.31 | 35.64 | OK | |
r-release-linux-x86_64 | 0.4.1 | 2.53 | 33.69 | 36.22 | OK | |
r-release-macos-arm64 | 0.4.1 | 27.00 | OK | |||
r-release-macos-x86_64 | 0.4.1 | 39.00 | OK | |||
r-release-windows-x86_64 | 0.4.1 | 5.00 | 53.00 | 58.00 | NOTE | |
r-oldrel-macos-arm64 | 0.4.1 | 21.00 | OK | |||
r-oldrel-macos-x86_64 | 0.4.1 | 35.00 | OK | |||
r-oldrel-windows-x86_64 | 0.4.1 | 5.00 | 56.00 | 61.00 | NOTE |
Version: 0.4.1
Check: dependencies in R code
Result: NOTE
#STDOFF 2:05:08.9
#STDOFF 8:05:43.2
#STDOFF 7:36:41.7
#STDOFF -0:25:21.1
#STDOFF 1:39:49.2
#STDOFF -0:36:44.68
#STDOFF -4:56:01.6
#STDOFF -3:58:29.2
#STDOFF -4:19:18.3
#STDOFF -5:36:13.3
#STDOFF -4:56:16.4
#STDOFF 2:05:08.9
#STDOFF 8:05:43.2
#STDOFF 7:36:41.7
#STDOFF -0:25:21.1
#STDOFF 1:39:49.2
#STDOFF -0:36:44.68
#STDOFF -4:56:01.6
#STDOFF -3:58:29.2
#STDOFF -4:19:18.3
#STDOFF -5:36:13.3
#STDOFF -4:56:16.4
Flavors: r-devel-windows-x86_64, r-release-windows-x86_64, r-oldrel-windows-x86_64