CRAN Package Check Results for Package sfcentral

Last updated on 2024-07-22 11:56:37 CEST.

Flavor Version Tinstall Tcheck Ttotal Status Flags
r-devel-linux-x86_64-debian-clang 0.1.0 10.13 89.09 99.22 OK
r-devel-linux-x86_64-debian-gcc 0.1.0 6.50 67.15 73.65 NOTE
r-devel-linux-x86_64-fedora-clang 0.1.0 118.18 OK
r-devel-linux-x86_64-fedora-gcc 0.1.0 107.54 OK
r-devel-windows-x86_64 0.1.0 9.00 81.00 90.00 NOTE
r-patched-linux-x86_64 0.1.0 12.48 83.52 96.00 OK
r-release-linux-x86_64 0.1.0 5.69 85.35 91.04 OK
r-release-macos-arm64 0.1.0 38.00 OK
r-release-macos-x86_64 0.1.0 54.00 OK
r-release-windows-x86_64 0.1.0 10.00 80.00 90.00 OK
r-oldrel-macos-arm64 0.1.0 41.00 OK
r-oldrel-macos-x86_64 0.1.0 82.00 OK
r-oldrel-windows-x86_64 0.1.0 12.00 96.00 108.00 OK

Check Details

Version: 0.1.0
Check: Rd cross-references
Result: NOTE Found the following Rd file(s) with Rd \link{} targets missing package anchors: sd_distance.Rd: sf Please provide package anchors for all Rd \link{} targets not in the package itself and the base packages. Flavors: r-devel-linux-x86_64-debian-gcc, r-devel-windows-x86_64