CRAN Package Check Results for Package sfcr

Last updated on 2023-03-24 07:54:53 CET.

Flavor Version Tinstall Tcheck Ttotal Status Flags
r-devel-linux-x86_64-debian-clang 0.2.1 34.12 127.53 161.65 NOTE
r-devel-linux-x86_64-debian-gcc 0.2.1 28.66 94.48 123.14 NOTE
r-devel-linux-x86_64-fedora-clang 0.2.1 226.58 NOTE
r-devel-linux-x86_64-fedora-gcc 0.2.1 227.98 NOTE
r-patched-linux-x86_64 0.2.1 23.01 118.35 141.36 OK
r-release-linux-x86_64 0.2.1 25.82 116.87 142.69 OK
r-release-macos-arm64 0.2.1 54.00 OK
r-release-macos-x86_64 0.2.1 92.00 OK
r-release-windows-x86_64 0.2.1 79.00 166.00 245.00 OK
r-oldrel-macos-arm64 0.2.1 58.00 OK
r-oldrel-macos-x86_64 0.2.1 71.00 OK
r-oldrel-windows-ix86+x86_64 0.2.1 90.00 211.00 301.00 OK

Check Details

Version: 0.2.1
Check: C++ specification
Result: NOTE
     Specified C++11: please drop specification unless essential
Flavors: r-devel-linux-x86_64-debian-clang, r-devel-linux-x86_64-debian-gcc, r-devel-linux-x86_64-fedora-clang, r-devel-linux-x86_64-fedora-gcc