Last updated on 2024-03-28 17:49:42 CET.
Flavor | Version | Tinstall | Tcheck | Ttotal | Status | Flags |
---|---|---|---|---|---|---|
r-devel-linux-x86_64-debian-clang | 0.1.3 | 11.01 | 98.81 | 109.82 | NOTE | |
r-devel-linux-x86_64-debian-gcc | 0.1.3 | 8.32 | 77.90 | 86.22 | NOTE | |
r-devel-linux-x86_64-fedora-clang | 0.1.3 | 145.43 | NOTE | |||
r-devel-linux-x86_64-fedora-gcc | 0.1.3 | 155.61 | NOTE | |||
r-devel-windows-x86_64 | 0.1.3 | 10.00 | 134.00 | 144.00 | NOTE | |
r-patched-linux-x86_64 | 0.1.3 | 6.59 | 96.73 | 103.32 | NOTE | |
r-release-linux-x86_64 | 0.1.3 | 6.73 | 98.69 | 105.42 | NOTE | |
r-release-macos-arm64 | 0.1.3 | 51.00 | NOTE | |||
r-release-macos-x86_64 | 0.1.3 | 85.00 | NOTE | |||
r-release-windows-x86_64 | 0.1.3 | 13.00 | 129.00 | 142.00 | NOTE | |
r-oldrel-macos-arm64 | 0.1.3 | 43.00 | NOTE | |||
r-oldrel-windows-x86_64 | 0.1.3 | 12.00 | 137.00 | 149.00 | NOTE |
Version: 0.1.3
Check: LazyData
Result: NOTE
'LazyData' is specified without a 'data' directory
Flavors: r-devel-linux-x86_64-debian-clang, r-devel-linux-x86_64-debian-gcc, r-devel-linux-x86_64-fedora-clang, r-devel-linux-x86_64-fedora-gcc, r-devel-windows-x86_64, r-patched-linux-x86_64, r-release-linux-x86_64, r-release-macos-arm64, r-release-macos-x86_64, r-release-windows-x86_64, r-oldrel-macos-arm64, r-oldrel-windows-x86_64