CRAN Package Check Results for Package shiny.i18n

Last updated on 2022-05-18 18:52:33 CEST.

Flavor Version Tinstall Tcheck Ttotal Status Flags
r-devel-linux-x86_64-debian-clang 0.2.0 4.69 51.91 56.60 NOTE
r-devel-linux-x86_64-debian-gcc 0.2.0 4.12 40.97 45.09 NOTE
r-devel-linux-x86_64-fedora-clang 0.2.0 68.35 NOTE
r-devel-linux-x86_64-fedora-gcc 0.2.0 69.71 NOTE
r-devel-windows-x86_64 0.2.0 30.00 73.00 103.00 NOTE
r-patched-linux-x86_64 0.2.0 5.09 51.52 56.61 NOTE
r-release-linux-x86_64 0.2.0 5.70 50.71 56.41 NOTE
r-release-macos-arm64 0.2.0 22.00 NOTE
r-release-macos-x86_64 0.2.0 39.00 NOTE
r-release-windows-x86_64 0.2.0 24.00 74.00 98.00 NOTE
r-oldrel-macos-arm64 0.2.0 24.00 NOTE
r-oldrel-macos-x86_64 0.2.0 37.00 NOTE
r-oldrel-windows-ix86+x86_64 0.2.0 13.00 70.00 83.00 NOTE

Check Details

Version: 0.2.0
Check: LazyData
Result: NOTE
     'LazyData' is specified without a 'data' directory
Flavors: r-devel-linux-x86_64-debian-clang, r-devel-linux-x86_64-debian-gcc, r-devel-linux-x86_64-fedora-clang, r-devel-linux-x86_64-fedora-gcc, r-devel-windows-x86_64, r-patched-linux-x86_64, r-release-linux-x86_64, r-release-macos-arm64, r-release-macos-x86_64, r-release-windows-x86_64, r-oldrel-macos-arm64, r-oldrel-macos-x86_64, r-oldrel-windows-ix86+x86_64

Version: 0.2.0
Check: dependencies in R code
Result: NOTE
    Namespace in Imports field not imported from: ‘R6’
     All declared Imports should be used.
Flavors: r-devel-linux-x86_64-fedora-clang, r-devel-linux-x86_64-fedora-gcc, r-release-macos-arm64, r-release-macos-x86_64, r-oldrel-macos-arm64, r-oldrel-macos-x86_64