CRAN Package Check Results for Package shiny.worker

Last updated on 2024-07-20 17:58:25 CEST.

Flavor Version Tinstall Tcheck Ttotal Status Flags
r-devel-linux-x86_64-debian-clang 0.0.1 2.89 23.22 26.11 NOTE
r-devel-linux-x86_64-debian-gcc 0.0.1 2.01 17.66 19.67 NOTE
r-devel-linux-x86_64-fedora-clang 0.0.1 32.75 NOTE
r-devel-linux-x86_64-fedora-gcc 0.0.1 30.96 NOTE
r-devel-windows-x86_64 0.0.1 5.00 40.00 45.00 NOTE
r-patched-linux-x86_64 0.0.1 3.04 22.04 25.08 NOTE
r-release-linux-x86_64 0.0.1 2.96 22.45 25.41 NOTE
r-release-macos-arm64 0.0.1 15.00 NOTE
r-release-macos-x86_64 0.0.1 21.00 NOTE
r-release-windows-x86_64 0.0.1 4.00 40.00 44.00 NOTE
r-oldrel-macos-arm64 0.0.1 17.00 NOTE
r-oldrel-macos-x86_64 0.0.1 21.00 NOTE
r-oldrel-windows-x86_64 0.0.1 5.00 41.00 46.00 NOTE

Check Details

Version: 0.0.1
Check: LazyData
Result: NOTE 'LazyData' is specified without a 'data' directory Flavors: r-devel-linux-x86_64-debian-clang, r-devel-linux-x86_64-debian-gcc, r-devel-linux-x86_64-fedora-clang, r-devel-linux-x86_64-fedora-gcc, r-devel-windows-x86_64, r-patched-linux-x86_64, r-release-linux-x86_64, r-release-macos-arm64, r-release-macos-x86_64, r-release-windows-x86_64, r-oldrel-macos-arm64, r-oldrel-macos-x86_64, r-oldrel-windows-x86_64

Version: 0.0.1
Check: dependencies in R code
Result: NOTE Namespaces in Imports field not imported from: ‘R6’ ‘shiny’ All declared Imports should be used. Flavors: r-devel-linux-x86_64-fedora-clang, r-devel-linux-x86_64-fedora-gcc