CRAN Package Check Results for Package shinyDatetimePickers

Last updated on 2023-10-05 01:56:17 CEST.

Flavor Version Tinstall Tcheck Ttotal Status Flags
r-devel-linux-x86_64-debian-clang 1.1.0 6.45 43.75 50.20 OK
r-devel-linux-x86_64-debian-gcc 1.1.0 4.45 34.16 38.61 OK
r-devel-linux-x86_64-fedora-clang 1.1.0 60.42 NOTE
r-devel-linux-x86_64-fedora-gcc 1.1.0 59.00 OK
r-devel-windows-x86_64 1.1.0 8.00 54.00 62.00 NOTE
r-patched-linux-x86_64 1.1.0 5.71 42.35 48.06 OK
r-release-linux-x86_64 1.1.0 5.63 43.06 48.69 OK
r-release-macos-arm64 1.1.0 22.00 NOTE
r-release-macos-x86_64 1.1.0 32.00 NOTE
r-release-windows-x86_64 1.1.0 10.00 58.00 68.00 NOTE
r-oldrel-macos-arm64 1.1.0 27.00 NOTE
r-oldrel-macos-x86_64 1.1.0 36.00 NOTE
r-oldrel-windows-x86_64 1.1.0 10.00 61.00 71.00 NOTE

Check Details

Version: 1.1.0
Check: installed package size
Result: NOTE
     installed size is 7.7Mb
     sub-directories of 1Mb or more:
     www 7.6Mb
Flavors: r-devel-linux-x86_64-fedora-clang, r-devel-windows-x86_64, r-release-macos-arm64, r-release-macos-x86_64, r-release-windows-x86_64, r-oldrel-macos-arm64, r-oldrel-macos-x86_64, r-oldrel-windows-x86_64