CRAN Package Check Results for Package shinyHeatmaply

Last updated on 2025-01-17 11:50:00 CET.

Flavor Version Tinstall Tcheck Ttotal Status Flags
r-devel-linux-x86_64-debian-clang 0.2.0 7.33 53.97 61.30 OK
r-devel-linux-x86_64-debian-gcc 0.2.0 3.87 39.95 43.82 OK
r-devel-linux-x86_64-fedora-clang 0.2.0 96.40 OK
r-devel-linux-x86_64-fedora-gcc 0.2.0 90.17 OK
r-devel-windows-x86_64 0.2.0 11.00 68.00 79.00 OK
r-patched-linux-x86_64 0.2.0 7.37 48.97 56.34 NOTE
r-release-linux-x86_64 0.2.0 6.15 48.78 54.93 NOTE
r-release-macos-arm64 0.2.0 30.00 NOTE
r-release-macos-x86_64 0.2.0 45.00 NOTE
r-release-windows-x86_64 0.2.0 10.00 72.00 82.00 NOTE
r-oldrel-macos-arm64 0.2.0 35.00 NOTE
r-oldrel-macos-x86_64 0.2.0 47.00 NOTE
r-oldrel-windows-x86_64 0.2.0 11.00 78.00 89.00 NOTE

Check Details

Version: 0.2.0
Check: LazyData
Result: NOTE 'LazyData' is specified without a 'data' directory Flavors: r-patched-linux-x86_64, r-release-linux-x86_64, r-release-macos-arm64, r-release-macos-x86_64, r-release-windows-x86_64, r-oldrel-macos-arm64, r-oldrel-macos-x86_64, r-oldrel-windows-x86_64