CRAN Package Check Results for Package shinyHeatmaply

Last updated on 2024-05-22 12:21:39 CEST.

Flavor Version Tinstall Tcheck Ttotal Status Flags
r-devel-linux-x86_64-debian-clang 0.2.0 8.14 67.71 75.85 NOTE
r-devel-linux-x86_64-debian-gcc 0.2.0 6.61 50.99 57.60 NOTE
r-devel-linux-x86_64-fedora-clang 0.2.0 98.33 NOTE
r-devel-linux-x86_64-fedora-gcc 0.2.0 89.56 NOTE
r-devel-windows-x86_64 0.2.0 10.00 70.00 80.00 NOTE
r-patched-linux-x86_64 0.2.0 5.82 64.32 70.14 NOTE
r-release-linux-x86_64 0.2.0 5.05 64.81 69.86 NOTE
r-release-macos-arm64 0.2.0 30.00 NOTE
r-release-windows-x86_64 0.2.0 9.00 71.00 80.00 NOTE
r-oldrel-macos-arm64 0.2.0 35.00 NOTE
r-oldrel-macos-x86_64 0.2.0 47.00 NOTE
r-oldrel-windows-x86_64 0.2.0 12.00 82.00 94.00 NOTE

Check Details

Version: 0.2.0
Check: LazyData
Result: NOTE 'LazyData' is specified without a 'data' directory Flavors: r-devel-linux-x86_64-debian-clang, r-devel-linux-x86_64-debian-gcc, r-devel-linux-x86_64-fedora-clang, r-devel-linux-x86_64-fedora-gcc, r-devel-windows-x86_64, r-patched-linux-x86_64, r-release-linux-x86_64, r-release-macos-arm64, r-release-windows-x86_64, r-oldrel-macos-arm64, r-oldrel-macos-x86_64, r-oldrel-windows-x86_64